{"id":6,"date":"2019-06-21T18:08:18","date_gmt":"2019-06-21T16:08:18","guid":{"rendered":"http:\/\/www.exposition-paris.info\/galeries-art-paris\/adverts\/add\/"},"modified":"2025-11-21T15:43:11","modified_gmt":"2025-11-21T14:43:11","slug":"ajouter-une-expo-a-paris","status":"publish","type":"page","link":"https:\/\/www.exposition-paris.info\/galeries-art-paris\/expositions-en-ce-moment\/ajouter-une-expo-a-paris\/","title":{"rendered":"Ajouter une exposition"},"content":{"rendered":"<p><strong>Publiez gratuitement\u00a0<\/strong>vos annonces d\u2019expositions temporaires sur Paris, dans l\u2019espace\u00a0<strong>Petites annonces &#8211; Galeries d&rsquo;art<\/strong> *.<\/p>\n\r\n                    \r\n    \r\n<form action=\"\" method=\"post\" class=\"adverts-form adverts-form-aligned\">\r\n    <fieldset>\r\n        \r\n                <input type=\"hidden\" name=\"_post_id\" id=\"_post_id\"  \/>                <input type=\"hidden\" name=\"_adverts_action\" id=\"_adverts_action\" value=\"preview\"  \/>                <input type=\"hidden\" name=\"_wpadverts_checksum\" id=\"_wpadverts_checksum\" value=\"311e8cb2b9d22583d01267e5766d25b8\"  \/>                <input type=\"hidden\" name=\"_wpadverts_checksum_nonce\" id=\"_wpadverts_checksum_nonce\" value=\"765a6efe35\"  \/>                <input type=\"hidden\" name=\"_post_id_nonce\" id=\"_post_id_nonce\"  \/>                <input type=\"hidden\" name=\"_timetrap_field\" id=\"_timetrap_field\" value=\"RnEwck1FY0JDMkozcWp4cTB3MEdVZz09\"  \/>                \r\n                \r\n        <div class=\"adverts-control-group adverts-field-header adverts-field-name-_contact_information \">\r\n            \r\n                        <div class=\"adverts-field-header\">\r\n                <span class=\"adverts-field-header-title\">Information de contact<\/span>\r\n                            <\/div>\r\n                        \r\n                        \r\n        <\/div>\r\n                \r\n        <div class=\"adverts-control-group adverts-field-account adverts-field-name-_adverts_account \">\r\n            \r\n                        \r\n            <label for=\"_adverts_account\">\r\n                Compte                            <\/label>\r\n            \r\n            <div class=\"adverts-form-input-group adverts-form-input-group-checkbox adverts-field-rows-1\" ><div ><label for=\"_adverts_account_1\" ><input type=\"checkbox\" name=\"_adverts_account[]\" id=\"_adverts_account_1\" value=\"1\"  \/> Me cr\u00e9er un compte afin que je puisse g\u00e9rer mes annonces (un mot-de-passe vous sera envoy\u00e9) ou <a href=\"https:\/\/www.exposition-paris.info\/galeries-art-paris\/wp-login.php?redirect_to=https%3A%2F%2Fwww.exposition-paris.info%2Fgaleries-art-paris%2Fexpositions-en-ce-moment%2Fajouter-une-expo-a-paris%2F\">Connexion<\/a><\/label><\/div><\/div>\r\n                        \r\n                        \r\n        <\/div>\r\n                \r\n        <div class=\"adverts-control-group adverts-field-text adverts-field-name-adverts_person \">\r\n            \r\n                        \r\n            <label for=\"adverts_person\">\r\n                Personne de contact                                <span class=\"adverts-form-required\">*<\/span>\r\n                            <\/label>\r\n            \r\n            <input type=\"text\" name=\"adverts_person\" id=\"adverts_person\"  \/>\r\n                        \r\n                        \r\n        <\/div>\r\n                \r\n        <div class=\"adverts-control-group adverts-field-text adverts-field-name-adverts_email \">\r\n            \r\n                        \r\n            <label for=\"adverts_email\">\r\n                E mail                                <span class=\"adverts-form-required\">*<\/span>\r\n                            <\/label>\r\n            \r\n            <input type=\"text\" name=\"adverts_email\" id=\"adverts_email\"  \/>\r\n                        \r\n                        \r\n        <\/div>\r\n                \r\n        <div class=\"adverts-control-group adverts-field-text adverts-field-name-adverts_phone \">\r\n            \r\n                        \r\n            <label for=\"adverts_phone\">\r\n                N\u00b0 de t\u00e9l\u00e9phone                            <\/label>\r\n            \r\n            <input type=\"text\" name=\"adverts_phone\" id=\"adverts_phone\"  \/>\r\n                        \r\n                        \r\n        <\/div>\r\n                \r\n        <div class=\"adverts-control-group adverts-field-header adverts-field-name-_item_information \">\r\n            \r\n                        <div class=\"adverts-field-header\">\r\n                <span class=\"adverts-field-header-title\">Texte d&#039;information<\/span>\r\n                            <\/div>\r\n                        \r\n                        \r\n        <\/div>\r\n                \r\n        <div class=\"adverts-control-group adverts-field-text adverts-field-name-post_title \">\r\n            \r\n                        \r\n            <label for=\"post_title\">\r\n                Titre                                <span class=\"adverts-form-required\">*<\/span>\r\n                            <\/label>\r\n            \r\n            <input type=\"text\" name=\"post_title\" id=\"post_title\"  \/>\r\n                        \r\n                        \r\n        <\/div>\r\n                \r\n        <div class=\"adverts-control-group adverts-field-select adverts-field-name-advert_category \">\r\n            \r\n                        \r\n            <label for=\"advert_category\">\r\n                Cat\u00e9gorie                            <\/label>\r\n            \r\n            <select id=\"advert_category\" name=\"advert_category[]\" class=\" adverts-multiselect adverts-max-choices[10]\" multiple=\"multiple\" ><option value=\"13\" >Architecture<\/option><option value=\"16\" >Art contemporain<\/option><option value=\"15\" >Beaux-arts<\/option><option value=\"11\" >Design<\/option><option value=\"5\" >Dessin<\/option><option value=\"29\" >Exposition virtuelle<\/option><option value=\"30\" >Finissages<\/option><option value=\"18\" >Histoire \/ Civilisations<\/option><option value=\"17\" >Mode<\/option><option value=\"20\" >Musique<\/option><option value=\"3\" >Peinture<\/option><option value=\"27\" >Performance<\/option><option value=\"9\" >Photographie<\/option><option value=\"19\" >Sciences \/ Techniques<\/option><option value=\"4\" >Sculpture<\/option><option value=\"8\" >Vernissages<\/option><\/select>\r\n                        \r\n                        \r\n        <\/div>\r\n                \r\n        <div class=\"adverts-control-group adverts-field-gallery adverts-field-name-gallery \">\r\n            \r\n                        \r\n            <label for=\"gallery\">\r\n                Galerie                            <\/label>\r\n            \r\n            \n\n        <div id=\"adverts-plupload-upload-ui-gallery\" class=\"adverts-plupload-upload-ui adverts-browser-frontend\">\n        <div id=\"adverts-drag-drop-area-gallery\"class=\"adverts-drag-drop-area\">\n        \n        <\/div>\n        <div class=\"adverts-gallery\">\n            <p>D\u00e9poser les fichiers ici pour les ajouter<\/p>\n            <p><a href=\"#\" id=\"adverts-plupload-browse-button-gallery\" class=\"adverts-plupload-browse-button adverts-button\">Ajouter des images\u2026<\/a><\/p>\n        <\/div>\n        <div class=\"adverts-gallery-uploads\">\n\n        <\/div>\n\n    <\/div>\n        \n            \n    \r\n                        \r\n                        \r\n        <\/div>\r\n                \r\n        <div class=\"adverts-control-group adverts-field-textarea adverts-field-name-post_content \">\r\n            \r\n                        \r\n            <label for=\"post_content\">\r\n                Description                                 <span class=\"adverts-form-required\">*<\/span>\r\n                            <\/label>\r\n            \r\n            <div id=\"wp-post_content-wrap\" class=\"wp-core-ui wp-editor-wrap tmce-active\"><link rel='stylesheet' id='dashicons-css' href='https:\/\/www.exposition-paris.info\/galeries-art-paris\/wp-includes\/css\/dashicons.min.css?ver=6.8.5' media='all' \/>\n<link rel='stylesheet' id='editor-buttons-css' href='https:\/\/www.exposition-paris.info\/galeries-art-paris\/wp-includes\/css\/editor.min.css?ver=6.8.5' media='all' \/>\n<div id=\"wp-post_content-editor-container\" class=\"wp-editor-container\"><textarea class=\"wp-editor-area\" rows=\"8\" autocomplete=\"off\" cols=\"40\" name=\"post_content\" id=\"post_content\"><\/textarea><\/div>\n<\/div>\n\n\r\n                        \r\n                        \r\n        <\/div>\r\n                \r\n        <div class=\"adverts-control-group adverts-field-text adverts-field-name-adverts_price \">\r\n            \r\n                        \r\n            <label for=\"adverts_price\">\r\n                Prix                            <\/label>\r\n            \r\n            <input type=\"text\" name=\"adverts_price\" id=\"adverts_price\" class=\"adverts-filter-money\"  \/>\r\n                        \r\n                        \r\n        <\/div>\r\n                \r\n        <div class=\"adverts-control-group adverts-field-text adverts-field-name-adverts_location \">\r\n            \r\n                        \r\n            <label for=\"adverts_location\">\r\n                Localit\u00e9                            <\/label>\r\n            \r\n            <input type=\"text\" name=\"adverts_location\" id=\"adverts_location\"  \/>\r\n                        \r\n                        \r\n        <\/div>\r\n                \r\n        <div class=\"adverts-control-group adverts-field-header adverts-field-name-_listing_information \">\r\n            \r\n                        <div class=\"adverts-field-header\">\r\n                <span class=\"adverts-field-header-title\">Information concernant les paiements<\/span>\r\n                            <\/div>\r\n                        \r\n                        \r\n        <\/div>\r\n                \r\n        <div class=\"adverts-control-group adverts-payments-field-payment adverts-field-name-payments_listing_type \">\r\n            \r\n                        \r\n            <label for=\"payments_listing_type\">\r\n                Liste                                <span class=\"adverts-form-required\">*<\/span>\r\n                            <\/label>\r\n            \r\n            <div class=\"adverts-pricings-list\">\r\n        <div class=\"adverts-listing-type-x \">\r\n\r\n            <label class=\"adverts-cute-input adverts-cute-radio \" for=\"payments_listing_type_18\">\r\n                <input name=\"payments_listing_type\" class=\"adverts-listing-type-input\" id=\"payments_listing_type_18\" type=\"radio\" value=\"18\"  checked='checked'  \/>\r\n                <div class=\"adverts-cute-input-indicator\"><\/div>\r\n            <\/label>\r\n\r\n            <div class=\"adverts-listing-type-field\">\r\n                <div class=\"adverts-listing-type-name\">\r\n                    <span class=\"adverts-listing-type-title\">Gratuit<\/span>\r\n\r\n                <\/div>\r\n\r\n                <div class=\"adverts-listing-type-features\">\r\n                    <span class=\"adverts-listing-type-feature-duration\">\r\n                        <span class=\"adverts-listing-type-icon adverts-icon-clock\"><\/span>\r\n                                                Visible 30 jours                                            <\/span>\r\n\r\n                                    <\/div>\r\n\r\n                                <div class=\"adverts-listing-type-features adverts-listing-type-icon adverts-icon-info\">\r\n                    Votre annonce est publi\u00e9e gratuitement pendant 30 jours.                <\/div>\r\n                            <\/div>\r\n\r\n            <span class=\"adverts-listing-type-cost\">\r\n                Libre            <\/span>\r\n        <\/div>\r\n\r\n        <\/div>\r\n                        \r\n                        \r\n        <\/div>\r\n                \r\n        <div class=\"adverts-control-group adverts-field-actions\">\r\n\r\n            <input type=\"submit\" name=\"submit\" value=\"Pr\u00e9visualiser\" style=\"font-size:1.2em\" class=\"adverts-button adverts-cancel-unload\" \/>\r\n        <\/div>\r\n        \r\n    <\/fieldset>\r\n<\/form>\n<p>&nbsp;<\/p>\n<p style=\"text-align: justify;\">* Sous conditions: <em>L\u2019utilisation des \u00ab\u00a0Petites annonces \u2013 Galeries d\u2019art\u00a0\u00a0\u00bb est subordonn\u00e9e \u00e0 l\u2019acceptation des <strong><a href=\"https:\/\/www.exposition-paris.info\/galeries-art-paris\/conditions-d-utilisation\/\">conditions d\u2019utilisation<\/a><\/strong>. Exposition-Paris.info se r\u00e9serve le droit de modifier, librement et \u00e0 tout moment les conditions d\u2019utilisation. Chaque internaute est invit\u00e9 \u00e0 consulter \u00e0 chaque parution les pr\u00e9sentes conditions d\u2019utilisation afin de prendre connaissance des changements en vigueur.<\/em><\/p>\n","protected":false},"excerpt":{"rendered":"<p>Publiez gratuitement\u00a0vos annonces d\u2019expositions temporaires sur Paris, dans l\u2019espace\u00a0Petites annonces &#8211; Galeries d&rsquo;art *. &nbsp; * Sous conditions: L\u2019utilisation des \u00ab\u00a0Petites annonces \u2013 Galeries d\u2019art\u00a0\u00a0\u00bb est subordonn\u00e9e \u00e0 l\u2019acceptation des conditions d\u2019utilisation. Exposition-Paris.info se r\u00e9serve le droit de modifier, librement et \u00e0 tout moment les conditions d\u2019utilisation. Chaque internaute est invit\u00e9 \u00e0 consulter \u00e0 chaque &#8230; <a title=\"Ajouter une exposition\" class=\"read-more\" href=\"https:\/\/www.exposition-paris.info\/galeries-art-paris\/expositions-en-ce-moment\/ajouter-une-expo-a-paris\/\" aria-label=\"Plus sur Ajouter une exposition\">Read more<\/a><\/p>\n","protected":false},"author":1,"featured_media":0,"parent":5,"menu_order":0,"comment_status":"closed","ping_status":"closed","template":"","meta":{"footnotes":""},"class_list":["post-6","page","type-page","status-publish"],"aioseo_notices":[],"_links":{"self":[{"href":"https:\/\/www.exposition-paris.info\/galeries-art-paris\/wp-json\/wp\/v2\/pages\/6","targetHints":{"allow":["GET"]}}],"collection":[{"href":"https:\/\/www.exposition-paris.info\/galeries-art-paris\/wp-json\/wp\/v2\/pages"}],"about":[{"href":"https:\/\/www.exposition-paris.info\/galeries-art-paris\/wp-json\/wp\/v2\/types\/page"}],"author":[{"embeddable":true,"href":"https:\/\/www.exposition-paris.info\/galeries-art-paris\/wp-json\/wp\/v2\/users\/1"}],"replies":[{"embeddable":true,"href":"https:\/\/www.exposition-paris.info\/galeries-art-paris\/wp-json\/wp\/v2\/comments?post=6"}],"version-history":[{"count":14,"href":"https:\/\/www.exposition-paris.info\/galeries-art-paris\/wp-json\/wp\/v2\/pages\/6\/revisions"}],"predecessor-version":[{"id":182,"href":"https:\/\/www.exposition-paris.info\/galeries-art-paris\/wp-json\/wp\/v2\/pages\/6\/revisions\/182"}],"up":[{"embeddable":true,"href":"https:\/\/www.exposition-paris.info\/galeries-art-paris\/wp-json\/wp\/v2\/pages\/5"}],"wp:attachment":[{"href":"https:\/\/www.exposition-paris.info\/galeries-art-paris\/wp-json\/wp\/v2\/media?parent=6"}],"curies":[{"name":"wp","href":"https:\/\/api.w.org\/{rel}","templated":true}]}}