{"id":9619,"date":"2026-09-03T18:30:04","date_gmt":"2026-09-03T16:30:04","guid":{"rendered":"https:\/\/www.exposition-paris.info\/galeries-art-paris\/?post_type=advert&#038;p=9619"},"modified":"2026-09-03T18:30:16","modified_gmt":"2026-09-03T16:30:16","slug":"exposition-marinette-cueco","status":"publish","type":"advert","link":"https:\/\/www.exposition-paris.info\/galeries-art-paris\/advert\/exposition-marinette-cueco\/","title":{"rendered":"Exposition Marinette CUECO"},"content":{"rendered":"<p>En 2023, Marinette Cueco \u00e9tait pr\u00e9sente pour son installation \u00e0 la galerie, et avait souhait\u00e9 montrer l\u2019importance des liens dans sa cr\u00e9ation entre \u00e9criture, po\u00e9sie et son \u0153uvre. Avec deux grandes r\u00e9trospectives, l\u2019une au LAAC \u00e0 Dunkerque, l\u2019autre au mus\u00e9e des hospices St Roch \u00e0 Issoudun, des installations au MAMAC \u00e0 Nice et au mus\u00e9e des Abattoirs \u00e0 Toulouse, elle avait pu convaincre un public large de la singularit\u00e9 et de l\u2019\u00e9tendue de son travail.<\/p>\n<p>Nous avions accompagn\u00e9 Marinette Cueco pour que chaque exposition soit le reflet de sa d\u00e9marche. Elle s\u2019investissait dans des cr\u00e9ations, installations pour chacune d\u2019entre elles.<\/p>\n<p>Cette exposition de 2026 pr\u00e9sentera quelques travaux embl\u00e9matiques ainsi qu\u2019un ensemble d\u2019\u0153uvres anciennes et r\u00e9centes qui n\u2019ont jamais \u00e9t\u00e9 pr\u00e9sent\u00e9es \u00e0 la galerie.<\/p>\n","protected":false},"author":608,"template":"","advert_category":[16],"class_list":["post-9619","classified","type-advert","status-publish","has-post-thumbnail","hentry","advert_category-art-contemporain"],"aioseo_notices":[],"_links":{"self":[{"href":"https:\/\/www.exposition-paris.info\/galeries-art-paris\/wp-json\/wp\/v2\/advert\/9619","targetHints":{"allow":["GET"]}}],"collection":[{"href":"https:\/\/www.exposition-paris.info\/galeries-art-paris\/wp-json\/wp\/v2\/advert"}],"about":[{"href":"https:\/\/www.exposition-paris.info\/galeries-art-paris\/wp-json\/wp\/v2\/types\/advert"}],"author":[{"embeddable":true,"href":"https:\/\/www.exposition-paris.info\/galeries-art-paris\/wp-json\/wp\/v2\/users\/608"}],"wp:featuredmedia":[{"embeddable":true,"href":"https:\/\/www.exposition-paris.info\/galeries-art-paris\/wp-json\/wp\/v2\/media\/9620"}],"wp:attachment":[{"href":"https:\/\/www.exposition-paris.info\/galeries-art-paris\/wp-json\/wp\/v2\/media?parent=9619"}],"wp:term":[{"taxonomy":"advert_category","embeddable":true,"href":"https:\/\/www.exposition-paris.info\/galeries-art-paris\/wp-json\/wp\/v2\/advert_category?post=9619"}],"curies":[{"name":"wp","href":"https:\/\/api.w.org\/{rel}","templated":true}]}}

<p>En 2023, Marinette Cueco était présente pour son installation à la galerie, et avait souhaité montrer l’importance des liens dans sa création entre écriture, poésie et son œuvre. Avec deux grandes rétrospectives, l’une au LAAC à Dunkerque, l’autre au musée des hospices St Roch à Issoudun, des installations au MAMAC à Nice et au musée des Abattoirs à Toulouse, elle avait pu convaincre un public large de la singularité et de l’étendue de son travail.</p>
<p>Nous avions accompagné Marinette Cueco pour que chaque exposition soit le reflet de sa démarche. Elle s’investissait dans des créations, installations pour chacune d’entre elles.</p>
<p>Cette exposition de 2026 présentera quelques travaux emblématiques ainsi qu’un ensemble d’œuvres anciennes et récentes qui n’ont jamais été présentées à la galerie.</p>
