{"id":9611,"date":"2026-09-02T17:26:51","date_gmt":"2026-09-02T15:26:51","guid":{"rendered":"https:\/\/www.exposition-paris.info\/galeries-art-paris\/?post_type=advert&#038;p=9611"},"modified":"2026-09-02T17:27:06","modified_gmt":"2026-09-02T15:27:06","slug":"exposition-la-dolce-vista-de-claude-nori","status":"publish","type":"advert","link":"https:\/\/www.exposition-paris.info\/galeries-art-paris\/advert\/exposition-la-dolce-vista-de-claude-nori\/","title":{"rendered":"Exposition \u00ab\u00a0La Dolce Vista\u00a0\u00bb de Claude Nori"},"content":{"rendered":"<p class=\"p1\">Vernissage le 10 septembre 2026, de 18h \u00e0 20h30<\/p>\n<p>A 77 ans, l\u2019artiste-photographe, auteur, \u00e9crivain et \u00e9diteur signe son grand retour \u00e0 Polka avec une exposition r\u00e9trospective d\u2019envergure, doubl\u00e9e d\u2019un livre dans lesquels il se joue de la Dolce Vita comme un clin d\u2019oeil assum\u00e9 \u00e0 ce qui reste une oeuvre fondatrice pour Claude Nori. Fascin\u00e9 par le dernier plan du film de Fellini sur le visage de Paola appelant en vain Marcello Mastroianni, il avoue que cette image ne l\u2019a jamais quitt\u00e9, devenant m\u00eame une source d\u2019inspiration, l\u2019art de regarder le monde avec une nostalgie lumineuse, une po\u00e9sie des souvenirs.<\/p>\n<p class=\"p1\"><em>\u00ab Ce qui m\u2019int\u00e9resse, ce n\u2019est pas la photographie en elle-m\u00eame mais tout ce que je peux mettre dedans : mes souvenirs, mes amours, les films qui m\u2019ont \u00e9mu, les spaghetti que j\u2019ai roul\u00e9 avec ma fourchette, les musiques et les chansons qui m\u2019ont rendu plus beau que je ne suis, les \u00e9crits qui ont chang\u00e9 la couleur de la mer jusqu\u2019aux histoires que je m\u2019invente pour rester en vie. \u00bb<\/em>\u00a0Claude Nori<\/p>\n<p class=\"p1\">\u00ab Paola sur la plage, avec son sourire \u00e9nigmatique, est venue souvent se superposer \u00e0 mes cadrages, comme une musique int\u00e9rieure explique Claude Nori. J\u2019ai toujours cherch\u00e9 dans mes photographies les d\u00e9cors naturels que des cin\u00e9astes avaient rep\u00e9r\u00e9s ou invent\u00e9s pour faire vivre leurs histoires et que je me suis appropri\u00e9s pour raconter les miennes. Et peut\u00eatre d\u00e9passer le regret que j\u2019ai ressenti en regardant Marcello tourner le dos \u00e0 la beaut\u00e9. \u00bb<\/p>\n<p class=\"p1\">Pourtant, derri\u00e8re la douceur de vivre, la Dolce Vista tourne le dos \u00e0 la Dolce Vita, ce mode de vie insouciant et sensuel auquel ses images sont souvent associ\u00e9es alors qu\u2019elles ont finalement peu \u00e0 voir avec son travail plus intime li\u00e9 aux sentiments amoureux et \u00e0 l\u2019adolescence. Ses photographies, souvent en suspend, entre absence et pr\u00e9sence, ouvrent la voie \u00e0 de nouvelles histoires inspir\u00e9es par le cin\u00e9ma n\u00e9o-r\u00e9aliste ou la Nouvelle Vague fran\u00e7aise mais aussi la photobiographie dont le cr\u00e9ateur des \u00e9ditions Contrejour, qui a marqu\u00e9 l\u2019histoire du livre de photographie en France, fut aussi l\u2019un des fondateurs.<\/p>\n<p class=\"p1\">L\u2019exposition r\u00e9unit une s\u00e9lection de photographies iconiques en noir et blanc et couleurs de Claude Nori mais aussi des images in\u00e9dites issues d\u2019une relecture de ses planches contacts depuis les ann\u00e9es 70. Les corps s\u2019\u00e9vitent, se fr\u00f4lent ou se rejoignent, les amoureux s\u2019enlacent, les femmes s\u2019interrogent sur leur destin, les hommes sont maladroits et prennent la pose timidement, les groupes d\u2019amis laissent \u00e9clater leur joie d\u2019\u00eatre ainsi photographi\u00e9s. Des plages de l\u2019Adriatique ou de la Costa Brava aux jardins du Luxembourg en passant par la Sicile et le Pays basque, surgissent des lieux souvent anonymes, grav\u00e9s dans sa m\u00e9moire de cin\u00e9phile ou de lecteur de roman-photos.<\/p>\n<p class=\"p1\">Cette promenade romanesque met en \u00e9vidence le regard moderne et \u00e9l\u00e9gant d\u2019un artiste de la photographie, qui, au fil des ann\u00e9es, d\u00e9voile une esth\u00e9tique de l\u2019instant intime o\u00f9 la beaut\u00e9 surgit moins des choses que de l\u2019attention tendre et pudique pos\u00e9e sur elles. Quinze ans apr\u00e8s l\u2019hommage majeur que lui a rendu la Maison Europ\u00e9enne de la Photographie, la Dolce Vista est la premi\u00e8re grande r\u00e9trospective consacr\u00e9e \u00e0 Claude Nori en galerie. Les tirages noir et blanc sont r\u00e9alis\u00e9s selon des proc\u00e9d\u00e9s traditionnels, expos\u00e9s \u00e0 l\u2019agrandisseur et tir\u00e9s sur des papiers g\u00e9latinoargentiques. De nombreuses \u00e9preuves proviennent aussi des archives personnelles de Claude Nori, dont elles sont exhum\u00e9es pour la premi\u00e8re fois.<\/p>\n","protected":false},"author":283,"template":"","advert_category":[9],"class_list":["post-9611","classified","type-advert","status-publish","has-post-thumbnail","hentry","advert_category-photographie"],"aioseo_notices":[],"_links":{"self":[{"href":"https:\/\/www.exposition-paris.info\/galeries-art-paris\/wp-json\/wp\/v2\/advert\/9611","targetHints":{"allow":["GET"]}}],"collection":[{"href":"https:\/\/www.exposition-paris.info\/galeries-art-paris\/wp-json\/wp\/v2\/advert"}],"about":[{"href":"https:\/\/www.exposition-paris.info\/galeries-art-paris\/wp-json\/wp\/v2\/types\/advert"}],"author":[{"embeddable":true,"href":"https:\/\/www.exposition-paris.info\/galeries-art-paris\/wp-json\/wp\/v2\/users\/283"}],"wp:featuredmedia":[{"embeddable":true,"href":"https:\/\/www.exposition-paris.info\/galeries-art-paris\/wp-json\/wp\/v2\/media\/9612"}],"wp:attachment":[{"href":"https:\/\/www.exposition-paris.info\/galeries-art-paris\/wp-json\/wp\/v2\/media?parent=9611"}],"wp:term":[{"taxonomy":"advert_category","embeddable":true,"href":"https:\/\/www.exposition-paris.info\/galeries-art-paris\/wp-json\/wp\/v2\/advert_category?post=9611"}],"curies":[{"name":"wp","href":"https:\/\/api.w.org\/{rel}","templated":true}]}}

<p class="p1">Vernissage le 10 septembre 2026, de 18h à 20h30</p>
<p>A 77 ans, l’artiste-photographe, auteur, écrivain et éditeur signe son grand retour à Polka avec une exposition rétrospective d’envergure, doublée d’un livre dans lesquels il se joue de la Dolce Vita comme un clin d’oeil assumé à ce qui reste une oeuvre fondatrice pour Claude Nori. Fasciné par le dernier plan du film de Fellini sur le visage de Paola appelant en vain Marcello Mastroianni, il avoue que cette image ne l’a jamais quitté, devenant même une source d’inspiration, l’art de regarder le monde avec une nostalgie lumineuse, une poésie des souvenirs.</p>
<p class="p1"><em>« Ce qui m’intéresse, ce n’est pas la photographie en elle-même mais tout ce que je peux mettre dedans : mes souvenirs, mes amours, les films qui m’ont ému, les spaghetti que j’ai roulé avec ma fourchette, les musiques et les chansons qui m’ont rendu plus beau que je ne suis, les écrits qui ont changé la couleur de la mer jusqu’aux histoires que je m’invente pour rester en vie. »</em> Claude Nori</p>
<p class="p1">« Paola sur la plage, avec son sourire énigmatique, est venue souvent se superposer à mes cadrages, comme une musique intérieure explique Claude Nori. J’ai toujours cherché dans mes photographies les décors naturels que des cinéastes avaient repérés ou inventés pour faire vivre leurs histoires et que je me suis appropriés pour raconter les miennes. Et peutêtre dépasser le regret que j’ai ressenti en regardant Marcello tourner le dos à la beauté. »</p>
<p class="p1">Pourtant, derrière la douceur de vivre, la Dolce Vista tourne le dos à la Dolce Vita, ce mode de vie insouciant et sensuel auquel ses images sont souvent associées alors qu’elles ont finalement peu à voir avec son travail plus intime lié aux sentiments amoureux et à l’adolescence. Ses photographies, souvent en suspend, entre absence et présence, ouvrent la voie à de nouvelles histoires inspirées par le cinéma néo-réaliste ou la Nouvelle Vague française mais aussi la photobiographie dont le créateur des éditions Contrejour, qui a marqué l’histoire du livre de photographie en France, fut aussi l’un des fondateurs.</p>
<p class="p1">L’exposition réunit une sélection de photographies iconiques en noir et blanc et couleurs de Claude Nori mais aussi des images inédites issues d’une relecture de ses planches contacts depuis les années 70. Les corps s’évitent, se frôlent ou se rejoignent, les amoureux s’enlacent, les femmes s’interrogent sur leur destin, les hommes sont maladroits et prennent la pose timidement, les groupes d’amis laissent éclater leur joie d’être ainsi photographiés. Des plages de l’Adriatique ou de la Costa Brava aux jardins du Luxembourg en passant par la Sicile et le Pays basque, surgissent des lieux souvent anonymes, gravés dans sa mémoire de cinéphile ou de lecteur de roman-photos.</p>
<p class="p1">Cette promenade romanesque met en évidence le regard moderne et élégant d’un artiste de la photographie, qui, au fil des années, dévoile une esthétique de l’instant intime où la beauté surgit moins des choses que de l’attention tendre et pudique posée sur elles. Quinze ans après l’hommage majeur que lui a rendu la Maison Européenne de la Photographie, la Dolce Vista est la première grande rétrospective consacrée à Claude Nori en galerie. Les tirages noir et blanc sont réalisés selon des procédés traditionnels, exposés à l’agrandisseur et tirés sur des papiers gélatinoargentiques. De nombreuses épreuves proviennent aussi des archives personnelles de Claude Nori, dont elles sont exhumées pour la première fois.</p>
