{"id":9602,"date":"2026-08-31T17:09:15","date_gmt":"2026-08-31T15:09:15","guid":{"rendered":"https:\/\/www.exposition-paris.info\/galeries-art-paris\/?post_type=advert&#038;p=9602"},"modified":"2026-08-31T17:09:19","modified_gmt":"2026-08-31T15:09:19","slug":"traces-1999-2026-artistes-de-la-fondation-culturelle-de-hesse-a-paris","status":"publish","type":"advert","link":"https:\/\/www.exposition-paris.info\/galeries-art-paris\/advert\/traces-1999-2026-artistes-de-la-fondation-culturelle-de-hesse-a-paris\/","title":{"rendered":"TRACES 1999 &#8211; 2026 ARTISTES DE LA FONDATION CULTURELLE DE HESSE \u00c0 PARIS"},"content":{"rendered":"<p>Du 10 septembre au 31 octobre 2026, le Goethe-Institut de Paris pr\u00e9sente TRACES 1999\u20132026. Artistes de la Fondation Culturelle de Hesse \u00e0 Paris, une exposition<br \/>\ncollective r\u00e9unissant Helga Fanderl, Yvonne Roeb et Paula Rosolen.<\/p>\n<p>Fruit d\u2019une coop\u00e9ration avec la Fondation Culturelle de Hesse, en partenariat avec la Cit\u00e9 internationale des arts, l\u2019exposition r\u00e9unit trois artistes de g\u00e9n\u00e9rations et de<br \/>\ndisciplines diff\u00e9rentes : cin\u00e9ma, sculpture et danse dont les parcours sont li\u00e9s par une m\u00eame exp\u00e9rience : une r\u00e9sidence artistique \u00e0 Paris.<\/p>\n","protected":false},"author":607,"template":"","advert_category":[16,29,27,4],"class_list":["post-9602","classified","type-advert","status-publish","has-post-thumbnail","hentry","advert_category-art-contemporain","advert_category-exposition-virtuelle","advert_category-performance","advert_category-sculptures"],"aioseo_notices":[],"_links":{"self":[{"href":"https:\/\/www.exposition-paris.info\/galeries-art-paris\/wp-json\/wp\/v2\/advert\/9602","targetHints":{"allow":["GET"]}}],"collection":[{"href":"https:\/\/www.exposition-paris.info\/galeries-art-paris\/wp-json\/wp\/v2\/advert"}],"about":[{"href":"https:\/\/www.exposition-paris.info\/galeries-art-paris\/wp-json\/wp\/v2\/types\/advert"}],"author":[{"embeddable":true,"href":"https:\/\/www.exposition-paris.info\/galeries-art-paris\/wp-json\/wp\/v2\/users\/607"}],"wp:featuredmedia":[{"embeddable":true,"href":"https:\/\/www.exposition-paris.info\/galeries-art-paris\/wp-json\/wp\/v2\/media\/9603"}],"wp:attachment":[{"href":"https:\/\/www.exposition-paris.info\/galeries-art-paris\/wp-json\/wp\/v2\/media?parent=9602"}],"wp:term":[{"taxonomy":"advert_category","embeddable":true,"href":"https:\/\/www.exposition-paris.info\/galeries-art-paris\/wp-json\/wp\/v2\/advert_category?post=9602"}],"curies":[{"name":"wp","href":"https:\/\/api.w.org\/{rel}","templated":true}]}}

TRACES 1999 &#8211; 2026 ARTISTES DE LA FONDATION CULTURELLE DE HESSE À PARIS

<p>Du 10 septembre au 31 octobre 2026, le Goethe-Institut de Paris présente TRACES 1999–2026. Artistes de la Fondation Culturelle de Hesse à Paris, une exposition<br />
collective réunissant Helga Fanderl, Yvonne Roeb et Paula Rosolen.</p>
<p>Fruit d’une coopération avec la Fondation Culturelle de Hesse, en partenariat avec la Cité internationale des arts, l’exposition réunit trois artistes de générations et de<br />
disciplines différentes : cinéma, sculpture et danse dont les parcours sont liés par une même expérience : une résidence artistique à Paris.</p>
