{"id":9313,"date":"2026-04-27T18:03:34","date_gmt":"2026-04-27T16:03:34","guid":{"rendered":"https:\/\/www.exposition-paris.info\/galeries-art-paris\/?post_type=advert&#038;p=9313"},"modified":"2026-04-27T18:04:13","modified_gmt":"2026-04-27T16:04:13","slug":"portes-ouvertes-des-ateliers-dartistes-de-belleville","status":"publish","type":"advert","link":"https:\/\/www.exposition-paris.info\/galeries-art-paris\/advert\/portes-ouvertes-des-ateliers-dartistes-de-belleville\/","title":{"rendered":"Portes Ouvertes des Ateliers d&rsquo;Artistes de Belleville"},"content":{"rendered":"<p>Pendant quatre journ\u00e9es exceptionnelles, les Portes Ouvertes des Ateliers d&rsquo;Artistes de Belleville annonce une immersion dans les coulisses de la cr\u00e9ation contemporaine, au plus pr\u00e8s des artistes et de leurs pratiques.<\/p>\n<p>&nbsp;<\/p>\n<p><strong>Portes Ouvertes des Ateliers d&rsquo;Artistes de Belleville<\/strong><br \/>\n<strong>37e \u00e9dition<\/strong><\/p>\n<p><strong><em>Jeudi 28<\/em><\/strong><br \/>\n<strong><em>Vendredi 29<\/em><\/strong><br \/>\n<strong><em>Samedi 30<\/em><\/strong><br \/>\n<strong><em>Et dimanche 31 mai 2026<\/em><\/strong><br \/>\n<strong><em>de 14h \u00e0 20h<\/em><\/strong><\/p>\n<p>&nbsp;<\/p>\n<p>Plus de 100 ateliers sont \u00e0 explorer dans les cours et les rues du quartier de Belleville, \u00e0 cheval entre les 10e, 11e, 19e et 20e arrondissements de Paris.<\/p>\n<p>Au programme : \u00e9changes avec les cr\u00e9ateurs et cr\u00e9atrices, \u0153uvres \u00e0 prix atelier, d\u00e9monstrations techniques, mais aussi pleins d&rsquo;animations propos\u00e9es en m\u00eame temps !<\/p>\n<p>&nbsp;<\/p>\n<p><strong>Un voyage au c\u0153ur de la cr\u00e9ation :<\/strong><\/p>\n<p>Belleville, quartier village, de vie, de travail et de f\u00eate, s&rsquo;appr\u00eate \u00e0 vibrer au rythme de la cr\u00e9ation. L\u2019art urbain s\u2019y d\u00e9ploie, les cultures s\u2019y m\u00e9langent, et les artistes y forment une communaut\u00e9 soud\u00e9e.<br \/>\nHabituellement nich\u00e9s dans le calme des villas et des passages de la colline, ces cr\u00e9atrices et cr\u00e9ateurs ouvrent leurs portes chaque ann\u00e9e en mai pour offrir un moment de partage exceptionnel.<\/p>\n<p>Collectionneur averti, amateur d\u2019art ou simple curieux, les Ateliers d\u2019Artistes de Belleville proposent une exp\u00e9rience humaine et artistique ouverte \u00e0 toutes et tous !<\/p>\n<p>&nbsp;<\/p>\n<p><strong>L\u2019\u00e9v\u00e8nement en un coup d&rsquo;\u0153il :<\/strong><\/p>\n<blockquote><p>+ de 170 artistes et collectifs mobilis\u00e9s<br \/>\n&gt; 103 ateliers \u00e0 explorer dans tout le quartier<br \/>\n&gt; Toutes les disciplines repr\u00e9sent\u00e9es : peinture, photographie, gravure, sculpture, installation, c\u00e9ramique&#8230;<br \/>\n&gt; 15 \u00e9v\u00e9nements autour des Portes Ouvertes : projections, concours photo, invit\u00e9s d\u2019Italie, expo Rimbaud\u2026<br \/>\n&gt; 35 000 visiteurs attendus<\/p><\/blockquote>\n<p>&nbsp;<\/p>\n<p><strong><em>Informations pratiques<\/em><\/strong><\/p>\n<p>&gt; Acc\u00e8s libre et gratuit<br \/>\n&gt; Point d&rsquo;Accueil du public pendant l\u2019\u00e9v\u00e9nement : Galerie des AAB, 1 rue Francis Picabia, 75020 Paris (M\u00b0 Couronnes)<br \/>\n&gt; Informations compl\u00e9mentaires (programme, portfolios des artistes, plan\u2026) sur notre site :<a href=\"https:\/\/ateliers-artistes-belleville.fr\/les-portes-ouvertes\/edition\/\"> ateliers-artistes-belleville.fr\/<\/a><br \/>\n&gt; Plan papier disponible au point d&rsquo;accueil et dans les ateliers (don sugg\u00e9r\u00e9, 1\u20ac)<\/p>\n<p>Les Portes Ouvertes des Ateliers d&rsquo;Artistes de Belleville vous attendent !<\/p>\n","protected":false},"author":0,"template":"","advert_category":[16,5,3,27,9,4],"class_list":["post-9313","classified","type-advert","status-publish","has-post-thumbnail","hentry","advert_category-art-contemporain","advert_category-dessins","advert_category-peintures","advert_category-performance","advert_category-photographie","advert_category-sculptures"],"aioseo_notices":[],"_links":{"self":[{"href":"https:\/\/www.exposition-paris.info\/galeries-art-paris\/wp-json\/wp\/v2\/advert\/9313","targetHints":{"allow":["GET"]}}],"collection":[{"href":"https:\/\/www.exposition-paris.info\/galeries-art-paris\/wp-json\/wp\/v2\/advert"}],"about":[{"href":"https:\/\/www.exposition-paris.info\/galeries-art-paris\/wp-json\/wp\/v2\/types\/advert"}],"wp:featuredmedia":[{"embeddable":true,"href":"https:\/\/www.exposition-paris.info\/galeries-art-paris\/wp-json\/wp\/v2\/media\/9314"}],"wp:attachment":[{"href":"https:\/\/www.exposition-paris.info\/galeries-art-paris\/wp-json\/wp\/v2\/media?parent=9313"}],"wp:term":[{"taxonomy":"advert_category","embeddable":true,"href":"https:\/\/www.exposition-paris.info\/galeries-art-paris\/wp-json\/wp\/v2\/advert_category?post=9313"}],"curies":[{"name":"wp","href":"https:\/\/api.w.org\/{rel}","templated":true}]}}

<p>Pendant quatre journées exceptionnelles, les Portes Ouvertes des Ateliers d&rsquo;Artistes de Belleville annonce une immersion dans les coulisses de la création contemporaine, au plus près des artistes et de leurs pratiques.</p>
<p>&nbsp;</p>
<p><strong>Portes Ouvertes des Ateliers d&rsquo;Artistes de Belleville</strong><br />
<strong>37e édition</strong></p>
<p><strong><em>Jeudi 28</em></strong><br />
<strong><em>Vendredi 29</em></strong><br />
<strong><em>Samedi 30</em></strong><br />
<strong><em>Et dimanche 31 mai 2026</em></strong><br />
<strong><em>de 14h à 20h</em></strong></p>
<p>&nbsp;</p>
<p>Plus de 100 ateliers sont à explorer dans les cours et les rues du quartier de Belleville, à cheval entre les 10e, 11e, 19e et 20e arrondissements de Paris.</p>
<p>Au programme : échanges avec les créateurs et créatrices, œuvres à prix atelier, démonstrations techniques, mais aussi pleins d&rsquo;animations proposées en même temps !</p>
<p>&nbsp;</p>
<p><strong>Un voyage au cœur de la création :</strong></p>
<p>Belleville, quartier village, de vie, de travail et de fête, s&rsquo;apprête à vibrer au rythme de la création. L’art urbain s’y déploie, les cultures s’y mélangent, et les artistes y forment une communauté soudée.<br />
Habituellement nichés dans le calme des villas et des passages de la colline, ces créatrices et créateurs ouvrent leurs portes chaque année en mai pour offrir un moment de partage exceptionnel.</p>
<p>Collectionneur averti, amateur d’art ou simple curieux, les Ateliers d’Artistes de Belleville proposent une expérience humaine et artistique ouverte à toutes et tous !</p>
<p>&nbsp;</p>
<p><strong>L’évènement en un coup d&rsquo;œil :</strong></p>
<blockquote><p>+ de 170 artistes et collectifs mobilisés<br />
&gt; 103 ateliers à explorer dans tout le quartier<br />
&gt; Toutes les disciplines représentées : peinture, photographie, gravure, sculpture, installation, céramique&#8230;<br />
&gt; 15 événements autour des Portes Ouvertes : projections, concours photo, invités d’Italie, expo Rimbaud…<br />
&gt; 35 000 visiteurs attendus</p></blockquote>
<p>&nbsp;</p>
<p><strong><em>Informations pratiques</em></strong></p>
<p>&gt; Accès libre et gratuit<br />
&gt; Point d&rsquo;Accueil du public pendant l’événement : Galerie des AAB, 1 rue Francis Picabia, 75020 Paris (M° Couronnes)<br />
&gt; Informations complémentaires (programme, portfolios des artistes, plan…) sur notre site :<a href="https://ateliers-artistes-belleville.fr/les-portes-ouvertes/edition/"> ateliers-artistes-belleville.fr/</a><br />
&gt; Plan papier disponible au point d&rsquo;accueil et dans les ateliers (don suggéré, 1€)</p>
<p>Les Portes Ouvertes des Ateliers d&rsquo;Artistes de Belleville vous attendent !</p>
