{"id":9309,"date":"2026-04-26T20:14:19","date_gmt":"2026-04-26T18:14:19","guid":{"rendered":"https:\/\/www.exposition-paris.info\/galeries-art-paris\/?post_type=advert&#038;p=9309"},"modified":"2026-04-26T20:14:56","modified_gmt":"2026-04-26T18:14:56","slug":"reliques-futures","status":"publish","type":"advert","link":"https:\/\/www.exposition-paris.info\/galeries-art-paris\/advert\/reliques-futures\/","title":{"rendered":"Reliques Futures"},"content":{"rendered":"<p>Reliques Futures<br \/>\nExposition du 30.04.2026 au 21.05.2026<\/p>\n<p>Notre esp\u00e8ce laisse des traces. Elle marque son territoire, mod\u00e8le son environnement suivant ses d\u00e9sirs. Certains de ses reliquats traversent le temps, les g\u00e9n\u00e9rations, les civilisations.<br \/>\nL\u2019arch\u00e9ologie, \u00e0 travers ces objets, ces architectures, tente de reconstruire une image d\u2019un monde effac\u00e9. Une vision fictive, interpr\u00e9tative de ce qui aurait pu exister.<br \/>\nQuels vestiges, quels discours, quelles visions seront jalons de notre civilisation\u00a0?<br \/>\nQuelles utopies fa\u00e7onneront notre image future\u00a0?<\/p>\n<p>A travers les architectures fictionnelles, cette exposition questionne l\u2019illusion que l\u2019on se fait de sa propre esp\u00e8ce.<br \/>\nAu c\u0153ur de narrations immat\u00e9rielles, les maquettes deviennent le support de l\u2019imaginaire du visiteur.<\/p>\n","protected":false},"author":588,"template":"","advert_category":[13,16,4],"class_list":["post-9309","classified","type-advert","status-publish","has-post-thumbnail","hentry","advert_category-architecture","advert_category-art-contemporain","advert_category-sculptures"],"aioseo_notices":[],"_links":{"self":[{"href":"https:\/\/www.exposition-paris.info\/galeries-art-paris\/wp-json\/wp\/v2\/advert\/9309","targetHints":{"allow":["GET"]}}],"collection":[{"href":"https:\/\/www.exposition-paris.info\/galeries-art-paris\/wp-json\/wp\/v2\/advert"}],"about":[{"href":"https:\/\/www.exposition-paris.info\/galeries-art-paris\/wp-json\/wp\/v2\/types\/advert"}],"author":[{"embeddable":true,"href":"https:\/\/www.exposition-paris.info\/galeries-art-paris\/wp-json\/wp\/v2\/users\/588"}],"wp:featuredmedia":[{"embeddable":true,"href":"https:\/\/www.exposition-paris.info\/galeries-art-paris\/wp-json\/wp\/v2\/media\/9310"}],"wp:attachment":[{"href":"https:\/\/www.exposition-paris.info\/galeries-art-paris\/wp-json\/wp\/v2\/media?parent=9309"}],"wp:term":[{"taxonomy":"advert_category","embeddable":true,"href":"https:\/\/www.exposition-paris.info\/galeries-art-paris\/wp-json\/wp\/v2\/advert_category?post=9309"}],"curies":[{"name":"wp","href":"https:\/\/api.w.org\/{rel}","templated":true}]}}

<p>Reliques Futures<br />
Exposition du 30.04.2026 au 21.05.2026</p>
<p>Notre espèce laisse des traces. Elle marque son territoire, modèle son environnement suivant ses désirs. Certains de ses reliquats traversent le temps, les générations, les civilisations.<br />
L’archéologie, à travers ces objets, ces architectures, tente de reconstruire une image d’un monde effacé. Une vision fictive, interprétative de ce qui aurait pu exister.<br />
Quels vestiges, quels discours, quelles visions seront jalons de notre civilisation ?<br />
Quelles utopies façonneront notre image future ?</p>
<p>A travers les architectures fictionnelles, cette exposition questionne l’illusion que l’on se fait de sa propre espèce.<br />
Au cœur de narrations immatérielles, les maquettes deviennent le support de l’imaginaire du visiteur.</p>
