{"id":9206,"date":"2026-03-16T23:32:49","date_gmt":"2026-03-16T22:32:49","guid":{"rendered":"https:\/\/www.exposition-paris.info\/galeries-art-paris\/?post_type=advert&#038;p=9206"},"modified":"2026-04-15T23:35:17","modified_gmt":"2026-04-15T21:35:17","slug":"exposition-hommage-pour-lartiste-peintre-nikolai-kouzmine-1938-2025","status":"expired","type":"advert","link":"https:\/\/www.exposition-paris.info\/galeries-art-paris\/advert\/exposition-hommage-pour-lartiste-peintre-nikolai-kouzmine-1938-2025\/","title":{"rendered":"Exposition-hommage pour l&rsquo;artiste-peintre Nikola\u00ef Kouzmine (1938-2025)"},"content":{"rendered":"<p>Vous \u00eates cordialement invit\u00e9s \u00e0 l&rsquo;<strong>exposition-hommage<\/strong> pour l&rsquo;artiste-peintre <strong>Nikola\u00ef Kouzmine<\/strong> (1938-2025).<\/p>\n<p>Du 12 mars au 11 avril 2026<br \/>\nLes jeudi, vendredi et samedi de 14h30 \u00e0 18h30<br \/>\nEntr\u00e9e libre<\/p>\n<p><strong>Galerie Le 140<\/strong><br \/>\n140 Grande Rue<br \/>\n92380 Garches<\/p>\n<p>Site internet de la galerie Le 140 \u00e0 Garches : <a href=\"https:\/\/www.galeriele140.fr\/\">https:\/\/www.galeriele140.fr\/<\/a><br \/>\nPage Instagram de la galerie : <a href=\"https:\/\/www.instagram.com\/albane_reynaud\">https:\/\/www.instagram.com\/albane_reynaud<\/a><\/p>\n<p>40 peintures de Nikola\u00ef Kouzmine (1938-2025) y repr\u00e9sentent la Bretagne, Belle-\u00cele-en-mer, la C\u00f4te d&rsquo;Azur et la Provence, la Corse, Versailles, la For\u00eat de Fausses Repose, les \u00e9tangs de Corot, Barbizon, l&rsquo;Allemagne, la Russie et la Mer Noire&#8230; et d\u2019autres.<\/p>\n<p><strong>Vernissage<\/strong> le jeudi 19 mars 2026, de 18h \u00e0 21h, en pr\u00e9sence de <strong>Liouba Kouzmina-H\u00e9liot<\/strong>, fille de l&rsquo;artiste.<\/p>\n<p>Site internet de l&rsquo;artiste-peintre Nikola\u00ef Kouzmine : <a href=\"https:\/\/kouzmine.art\/?n\">https:\/\/kouzmine.art\/?n<\/a><br \/>\nSite internet de l&rsquo;artiste (page \u00e9v\u00e8nements) : <a href=\"https:\/\/kouzmine.art\/evn?n\">https:\/\/kouzmine.art\/evn?n<\/a><br \/>\nRaccourci vers la page Instagram de l&rsquo;artiste : <a href=\"https:\/\/kouzmine.art\/ins?n\">https:\/\/kouzmine.art\/ins?n<\/a><br \/>\nRaccourci vers la page Facebook (priv\u00e9e, tenue par sa famille) de l&rsquo;artiste : <a href=\"https:\/\/kouzmine.art\/fb?n\">https:\/\/kouzmine.art\/fb?n<\/a><br \/>\nRaccourci vers la page Facebook (publique) de l&rsquo;artiste : <a href=\"https:\/\/kouzmine.art\/fbg?n\">https:\/\/kouzmine.art\/fbg?n<\/a><\/p>\n<p>Localisation de l&rsquo;exposition : <a href=\"https:\/\/maps.app.goo.gl\/2iP9KKg5K3kVESSi7\">https:\/\/maps.app.goo.gl\/2iP9KKg5K3kVESSi7<\/a><\/p>\n","protected":false},"author":0,"template":"","advert_category":[16,15,3,9,4,8],"class_list":["post-9206","classified","type-advert","status-expired","has-post-thumbnail","hentry","advert_category-art-contemporain","advert_category-beaux-arts","advert_category-peintures","advert_category-photographie","advert_category-sculptures","advert_category-vernissages"],"aioseo_notices":[],"_links":{"self":[{"href":"https:\/\/www.exposition-paris.info\/galeries-art-paris\/wp-json\/wp\/v2\/advert\/9206","targetHints":{"allow":["GET"]}}],"collection":[{"href":"https:\/\/www.exposition-paris.info\/galeries-art-paris\/wp-json\/wp\/v2\/advert"}],"about":[{"href":"https:\/\/www.exposition-paris.info\/galeries-art-paris\/wp-json\/wp\/v2\/types\/advert"}],"wp:featuredmedia":[{"embeddable":true,"href":"https:\/\/www.exposition-paris.info\/galeries-art-paris\/wp-json\/wp\/v2\/media\/9207"}],"wp:attachment":[{"href":"https:\/\/www.exposition-paris.info\/galeries-art-paris\/wp-json\/wp\/v2\/media?parent=9206"}],"wp:term":[{"taxonomy":"advert_category","embeddable":true,"href":"https:\/\/www.exposition-paris.info\/galeries-art-paris\/wp-json\/wp\/v2\/advert_category?post=9206"}],"curies":[{"name":"wp","href":"https:\/\/api.w.org\/{rel}","templated":true}]}}

Exposition-hommage pour l&rsquo;artiste-peintre Nikolaï Kouzmine (1938-2025)

<p>Vous êtes cordialement invités à l&rsquo;<strong>exposition-hommage</strong> pour l&rsquo;artiste-peintre <strong>Nikolaï Kouzmine</strong> (1938-2025).</p>
<p>Du 12 mars au 11 avril 2026<br />
Les jeudi, vendredi et samedi de 14h30 à 18h30<br />
Entrée libre</p>
<p><strong>Galerie Le 140</strong><br />
140 Grande Rue<br />
92380 Garches</p>
<p>Site internet de la galerie Le 140 à Garches : <a href="https://www.galeriele140.fr/">https://www.galeriele140.fr/</a><br />
Page Instagram de la galerie : <a href="https://www.instagram.com/albane_reynaud">https://www.instagram.com/albane_reynaud</a></p>
<p>40 peintures de Nikolaï Kouzmine (1938-2025) y représentent la Bretagne, Belle-Île-en-mer, la Côte d&rsquo;Azur et la Provence, la Corse, Versailles, la Forêt de Fausses Repose, les étangs de Corot, Barbizon, l&rsquo;Allemagne, la Russie et la Mer Noire&#8230; et d’autres.</p>
<p><strong>Vernissage</strong> le jeudi 19 mars 2026, de 18h à 21h, en présence de <strong>Liouba Kouzmina-Héliot</strong>, fille de l&rsquo;artiste.</p>
<p>Site internet de l&rsquo;artiste-peintre Nikolaï Kouzmine : <a href="https://kouzmine.art/?n">https://kouzmine.art/?n</a><br />
Site internet de l&rsquo;artiste (page évènements) : <a href="https://kouzmine.art/evn?n">https://kouzmine.art/evn?n</a><br />
Raccourci vers la page Instagram de l&rsquo;artiste : <a href="https://kouzmine.art/ins?n">https://kouzmine.art/ins?n</a><br />
Raccourci vers la page Facebook (privée, tenue par sa famille) de l&rsquo;artiste : <a href="https://kouzmine.art/fb?n">https://kouzmine.art/fb?n</a><br />
Raccourci vers la page Facebook (publique) de l&rsquo;artiste : <a href="https://kouzmine.art/fbg?n">https://kouzmine.art/fbg?n</a></p>
<p>Localisation de l&rsquo;exposition : <a href="https://maps.app.goo.gl/2iP9KKg5K3kVESSi7">https://maps.app.goo.gl/2iP9KKg5K3kVESSi7</a></p>
