{"id":9190,"date":"2026-03-09T18:41:36","date_gmt":"2026-03-09T17:41:36","guid":{"rendered":"https:\/\/www.exposition-paris.info\/galeries-art-paris\/?post_type=advert&#038;p=9190"},"modified":"2026-04-08T18:44:57","modified_gmt":"2026-04-08T16:44:57","slug":"anatomie-de-lartifice","status":"expired","type":"advert","link":"https:\/\/www.exposition-paris.info\/galeries-art-paris\/advert\/anatomie-de-lartifice\/","title":{"rendered":"ANATOMIE DE L&rsquo;ARTIFICE"},"content":{"rendered":"<div dir=\"ltr\">\n<div>\n<p>Chers amis, chers collectionneurs,<\/p>\n<p class=\"default\">La galerie est heureuse d\u2019annoncer qu\u2019elle repr\u00e9sente d\u00e9sormais l\u2019artiste <strong><a href=\"https:\/\/2z4y8.r.bh.d.sendibt3.com\/mk\/cl\/f\/sh\/7nVU1aA6Qs4xydaWdB7uY5IUyR1gJtp\/aYOwM5fR_bDW\" target=\"_blank\" rel=\"nofollow noopener\">Sandra Krasker<\/a><\/strong><strong>.<\/strong><\/p>\n<p>Nous avons le plaisir de pr\u00e9senter \u00e0 cette occasion <em>sa premi\u00e8re exposition personnelle \u00e0 la Galerie Marguerite Milin.<\/em><\/p>\n<\/div>\n<div>\n<hr \/>\n<p><strong>ANATOMIE DE L&rsquo;ARTIFICE<\/strong><\/p>\n<\/div>\n<p>\u00c0 travers sculptures, dessins et vid\u00e9os, Sandra Krasker explore la place de l\u2019artifice dans notre soci\u00e9t\u00e9 contemporaine, entre fascination pour les objets de pouvoir et qu\u00eate d\u2019identit\u00e9.<\/p>\n<div>\n<p class=\"default\"><strong>Exposition<br \/>\n<\/strong>14 mars &#8211; 4 avril<\/p>\n<p id=\"isPasted\" class=\"default\"><strong>Vernissage<br \/>\n<\/strong>Samedi 14 mars<br \/>\n14h \u2013 21h<\/p>\n<\/div>\n<\/div>\n","protected":false},"author":580,"template":"","advert_category":[16,8],"class_list":["post-9190","classified","type-advert","status-expired","has-post-thumbnail","hentry","advert_category-art-contemporain","advert_category-vernissages"],"aioseo_notices":[],"_links":{"self":[{"href":"https:\/\/www.exposition-paris.info\/galeries-art-paris\/wp-json\/wp\/v2\/advert\/9190","targetHints":{"allow":["GET"]}}],"collection":[{"href":"https:\/\/www.exposition-paris.info\/galeries-art-paris\/wp-json\/wp\/v2\/advert"}],"about":[{"href":"https:\/\/www.exposition-paris.info\/galeries-art-paris\/wp-json\/wp\/v2\/types\/advert"}],"author":[{"embeddable":true,"href":"https:\/\/www.exposition-paris.info\/galeries-art-paris\/wp-json\/wp\/v2\/users\/580"}],"wp:featuredmedia":[{"embeddable":true,"href":"https:\/\/www.exposition-paris.info\/galeries-art-paris\/wp-json\/wp\/v2\/media\/9191"}],"wp:attachment":[{"href":"https:\/\/www.exposition-paris.info\/galeries-art-paris\/wp-json\/wp\/v2\/media?parent=9190"}],"wp:term":[{"taxonomy":"advert_category","embeddable":true,"href":"https:\/\/www.exposition-paris.info\/galeries-art-paris\/wp-json\/wp\/v2\/advert_category?post=9190"}],"curies":[{"name":"wp","href":"https:\/\/api.w.org\/{rel}","templated":true}]}}

<div dir="ltr">
<div>
<p>Chers amis, chers collectionneurs,</p>
<p class="default">La galerie est heureuse d’annoncer qu’elle représente désormais l’artiste <strong><a href="https://2z4y8.r.bh.d.sendibt3.com/mk/cl/f/sh/7nVU1aA6Qs4xydaWdB7uY5IUyR1gJtp/aYOwM5fR_bDW" target="_blank" rel="nofollow noopener">Sandra Krasker</a></strong><strong>.</strong></p>
<p>Nous avons le plaisir de présenter à cette occasion <em>sa première exposition personnelle à la Galerie Marguerite Milin.</em></p>
</div>
<div>
<hr />
<p><strong>ANATOMIE DE L&rsquo;ARTIFICE</strong></p>
</div>
<p>À travers sculptures, dessins et vidéos, Sandra Krasker explore la place de l’artifice dans notre société contemporaine, entre fascination pour les objets de pouvoir et quête d’identité.</p>
<div>
<p class="default"><strong>Exposition<br />
</strong>14 mars &#8211; 4 avril</p>
<p id="isPasted" class="default"><strong>Vernissage<br />
</strong>Samedi 14 mars<br />
14h – 21h</p>
</div>
</div>
