{"id":9177,"date":"2026-03-05T18:41:52","date_gmt":"2026-03-05T17:41:52","guid":{"rendered":"https:\/\/www.exposition-paris.info\/galeries-art-paris\/?post_type=advert&#038;p=9177"},"modified":"2026-04-04T18:44:56","modified_gmt":"2026-04-04T16:44:56","slug":"lesprit-monet","status":"expired","type":"advert","link":"https:\/\/www.exposition-paris.info\/galeries-art-paris\/advert\/lesprit-monet\/","title":{"rendered":"L&rsquo;esprit Monet"},"content":{"rendered":"<p>L\u2019ESPRIT MONET<br \/>\nAvec la complicit\u00e9 de Philippe Piguet \u2014 critique d\u2019art et commissaire d\u2019exposition \u2014, la Galerie Wagner c\u00e9l\u00e8bre le centenaire de la disparition de Claude Monet, figure majeure du mouvement impressionniste. Elle r\u00e9unit pour l\u2019occasion onze artistes contemporains dont l\u2019\u0153uvre fait \u00e9cho \u00e0 celle du ma\u00eetre. Miguel Chevalier, Ivan Contreras-Brunet, Eric Dalbis, Laurent Delecroix, Maxime Duveau, Alain-Jacques Levrier-Mussat, Julie Navarro, Michel Paysant, Emmanuel R\u00e9gent, Sarah Walbaum, Li Xin.<br \/>\nVERNISSAGE JEUDI 12 MARS de 18h30 \u00e0 20h30 19 rue des Grands Augustins 75006 Paris<br \/>\nExposition du 12 mars au 16 mai 2026<\/p>\n","protected":false},"author":3,"template":"","advert_category":[16],"class_list":["post-9177","classified","type-advert","status-expired","has-post-thumbnail","hentry","advert_category-art-contemporain"],"aioseo_notices":[],"_links":{"self":[{"href":"https:\/\/www.exposition-paris.info\/galeries-art-paris\/wp-json\/wp\/v2\/advert\/9177","targetHints":{"allow":["GET"]}}],"collection":[{"href":"https:\/\/www.exposition-paris.info\/galeries-art-paris\/wp-json\/wp\/v2\/advert"}],"about":[{"href":"https:\/\/www.exposition-paris.info\/galeries-art-paris\/wp-json\/wp\/v2\/types\/advert"}],"author":[{"embeddable":true,"href":"https:\/\/www.exposition-paris.info\/galeries-art-paris\/wp-json\/wp\/v2\/users\/3"}],"wp:featuredmedia":[{"embeddable":true,"href":"https:\/\/www.exposition-paris.info\/galeries-art-paris\/wp-json\/wp\/v2\/media\/9178"}],"wp:attachment":[{"href":"https:\/\/www.exposition-paris.info\/galeries-art-paris\/wp-json\/wp\/v2\/media?parent=9177"}],"wp:term":[{"taxonomy":"advert_category","embeddable":true,"href":"https:\/\/www.exposition-paris.info\/galeries-art-paris\/wp-json\/wp\/v2\/advert_category?post=9177"}],"curies":[{"name":"wp","href":"https:\/\/api.w.org\/{rel}","templated":true}]}}

<p>L’ESPRIT MONET<br />
Avec la complicité de Philippe Piguet — critique d’art et commissaire d’exposition —, la Galerie Wagner célèbre le centenaire de la disparition de Claude Monet, figure majeure du mouvement impressionniste. Elle réunit pour l’occasion onze artistes contemporains dont l’œuvre fait écho à celle du maître. Miguel Chevalier, Ivan Contreras-Brunet, Eric Dalbis, Laurent Delecroix, Maxime Duveau, Alain-Jacques Levrier-Mussat, Julie Navarro, Michel Paysant, Emmanuel Régent, Sarah Walbaum, Li Xin.<br />
VERNISSAGE JEUDI 12 MARS de 18h30 à 20h30 19 rue des Grands Augustins 75006 Paris<br />
Exposition du 12 mars au 16 mai 2026</p>
