{"id":8475,"date":"2025-09-01T17:52:17","date_gmt":"2025-09-01T15:52:17","guid":{"rendered":"https:\/\/www.exposition-paris.info\/galeries-art-paris\/?post_type=advert&#038;p=8475"},"modified":"2025-10-01T17:58:52","modified_gmt":"2025-10-01T15:58:52","slug":"altaviarama-exposition-inaugurale-le-monde-de-paolo-santini","status":"expired","type":"advert","link":"https:\/\/www.exposition-paris.info\/galeries-art-paris\/advert\/altaviarama-exposition-inaugurale-le-monde-de-paolo-santini\/","title":{"rendered":"ALTAVIARAMA :  Exposition inaugurale \u00ab Le monde de Paolo Santini \u00bb"},"content":{"rendered":"<p><strong>Du 13 septembre au 30 novembre 2025, Altaviarama, nouveau centre d\u2019art fond\u00e9 par Altavia, situ\u00e9 au c\u0153ur de Saint-Ouen et \u00e0 proximit\u00e9 du quartier des Puces, accueillera la premi\u00e8re exposition d\u2019envergure consacr\u00e9e \u00e0 l\u2019architecte, designer, peintre, sculpteur et plasticien Paolo Santini (1929 &#8211; 2020). <\/strong><\/p>\n<p>Cr\u00e9ateur prolifique de la seconde moiti\u00e9 du XX<sup>e <\/sup>si\u00e8cle, Paolo Santini n\u2019a cess\u00e9 de croiser les disciplines, port\u00e9 par une qu\u00eate incessante de beaut\u00e9 fonctionnelle et d\u2019innovation. Artiste discret disparu en 2020, il laisse derri\u00e8re lui un h\u00e9ritage esth\u00e9tique majeur qui s\u2019inscrit pleinement dans l\u2019histoire des arts et du design contemporains.<\/p>\n<p>\u00ab Le Monde de Paolo Santini\u00a0\u00bb pr\u00e9sente au grand public, aux amateurs d\u2019art, de design et d\u2019architecture, la richesse cr\u00e9ative de cet univers singulier.<br \/>\nCon\u00e7ue en collaboration avec Pierrette Santini, \u00e9pouse de l\u2019artiste, cette exposition rassemblera pour la premi\u00e8re fois un ensemble exceptionnel d\u2019\u0153uvres historiques et in\u00e9dites \u2013 tableaux, sculptures, projets d\u2019architecture et pi\u00e8ces de design \u2013 offrant un panorama de son \u0153uvre.<\/p>\n<p>Le parcours d\u2019exposition embrassera ainsi toutes les facettes de sa cr\u00e9ation, explorant ses th\u00e8mes de pr\u00e9dilection\u00a0: la nature, les animaux ainsi qu\u2019une repr\u00e9sentation de la figure humaine.<\/p>\n<p>Situ\u00e9 au 10 rue Blanqui \u00e0 Saint Ouen, le centre vous accueille du jeudi au dimanche de 11h \u00e0 19h.<\/p>\n","protected":false},"author":257,"template":"","advert_category":[16,3,4],"class_list":["post-8475","classified","type-advert","status-expired","has-post-thumbnail","hentry","advert_category-art-contemporain","advert_category-peintures","advert_category-sculptures"],"aioseo_notices":[],"_links":{"self":[{"href":"https:\/\/www.exposition-paris.info\/galeries-art-paris\/wp-json\/wp\/v2\/advert\/8475","targetHints":{"allow":["GET"]}}],"collection":[{"href":"https:\/\/www.exposition-paris.info\/galeries-art-paris\/wp-json\/wp\/v2\/advert"}],"about":[{"href":"https:\/\/www.exposition-paris.info\/galeries-art-paris\/wp-json\/wp\/v2\/types\/advert"}],"author":[{"embeddable":true,"href":"https:\/\/www.exposition-paris.info\/galeries-art-paris\/wp-json\/wp\/v2\/users\/257"}],"wp:featuredmedia":[{"embeddable":true,"href":"https:\/\/www.exposition-paris.info\/galeries-art-paris\/wp-json\/wp\/v2\/media\/8476"}],"wp:attachment":[{"href":"https:\/\/www.exposition-paris.info\/galeries-art-paris\/wp-json\/wp\/v2\/media?parent=8475"}],"wp:term":[{"taxonomy":"advert_category","embeddable":true,"href":"https:\/\/www.exposition-paris.info\/galeries-art-paris\/wp-json\/wp\/v2\/advert_category?post=8475"}],"curies":[{"name":"wp","href":"https:\/\/api.w.org\/{rel}","templated":true}]}}

<p><strong>Du 13 septembre au 30 novembre 2025, Altaviarama, nouveau centre d’art fondé par Altavia, situé au cœur de Saint-Ouen et à proximité du quartier des Puces, accueillera la première exposition d’envergure consacrée à l’architecte, designer, peintre, sculpteur et plasticien Paolo Santini (1929 &#8211; 2020). </strong></p>
<p>Créateur prolifique de la seconde moitié du XX<sup>e </sup>siècle, Paolo Santini n’a cessé de croiser les disciplines, porté par une quête incessante de beauté fonctionnelle et d’innovation. Artiste discret disparu en 2020, il laisse derrière lui un héritage esthétique majeur qui s’inscrit pleinement dans l’histoire des arts et du design contemporains.</p>
<p>« Le Monde de Paolo Santini » présente au grand public, aux amateurs d’art, de design et d’architecture, la richesse créative de cet univers singulier.<br />
Conçue en collaboration avec Pierrette Santini, épouse de l’artiste, cette exposition rassemblera pour la première fois un ensemble exceptionnel d’œuvres historiques et inédites – tableaux, sculptures, projets d’architecture et pièces de design – offrant un panorama de son œuvre.</p>
<p>Le parcours d’exposition embrassera ainsi toutes les facettes de sa création, explorant ses thèmes de prédilection : la nature, les animaux ainsi qu’une représentation de la figure humaine.</p>
<p>Situé au 10 rue Blanqui à Saint Ouen, le centre vous accueille du jeudi au dimanche de 11h à 19h.</p>
