{"id":8304,"date":"2025-06-18T11:38:47","date_gmt":"2025-06-18T09:38:47","guid":{"rendered":"https:\/\/www.exposition-paris.info\/galeries-art-paris\/?post_type=advert&#038;p=8304"},"modified":"2025-07-18T11:39:54","modified_gmt":"2025-07-18T09:39:54","slug":"exposition-cycles-transfigurations","status":"expired","type":"advert","link":"https:\/\/www.exposition-paris.info\/galeries-art-paris\/advert\/exposition-cycles-transfigurations\/","title":{"rendered":"Exposition Cycles &amp; Transfigurations"},"content":{"rendered":"<p id=\"jrhcy483\" class=\"xP3DS S2U8x\" data-pm-slice=\"1 1 []\">Chers amis, collectionneurs, visiteurs curieux et amateurs d\u2019art,<\/p>\n<p id=\"zxgwe767\" class=\"xP3DS S2U8x\">\u00c0 l\u2019occasion de la F\u00eate de la Musique, <strong>The Muisca Gallery<\/strong>\u00a0a le plaisir de vous inviter au vernissage de l\u2019exposition <strong><em>Cycles &amp; Transfigurations<\/em><\/strong>, une travers\u00e9e artistique des mutations visibles et invisibles du monde, de la mati\u00e8re et de l\u2019\u00e2me.<\/p>\n<p id=\"9lxot491\" class=\"xP3DS S2U8x\">Cette exposition r\u00e9unit cinq artistes contemporains aux univers sensibles et puissants :<\/p>\n<p id=\"9hr2d493\" class=\"xP3DS S2U8x\"><strong>Catherine Gioria<\/strong><br \/>\n<strong>Maria Rosina<\/strong><br \/>\n<strong>Maria Coutinho<\/strong><br \/>\n<strong>Angelika Keiskei<\/strong><br \/>\n<strong>Ivan Jimenez Brunel<\/strong><\/p>\n<p id=\"qbuy0600\" class=\"xP3DS S2U8x\">Leurs \u0153uvres \u00e9voquent les passages, les m\u00e9tamorphoses, les renaissances. Des textures, des gestes, des formes en mouvement, qui racontent la beaut\u00e9 du changement.<\/p>\n<p id=\"b0ycv576\" class=\"xP3DS S2U8x\">\ud83c\udfb6 <strong>Ambiance musicale<\/strong>\u00a0assur\u00e9e par <strong>Eddyverse<\/strong>\u00a0de 18h \u00e0 20h\ud83c\udfad <strong>Performance artistique live<\/strong>\u00a0de <strong>Cassandre Santenac<\/strong>\u00a0\u00e0 21h\ud83c\udf79 Les <strong>mocktails glac\u00e9s d\u2019ESCOCAF\u00c9<\/strong> vous attendront tout au long de la soir\u00e9e.<\/p>\n<hr \/>\n<h3 id=\"iz8o1509\" class=\"_6KnFc x7vSc\"><strong>Informations pratiques<\/strong><\/h3>\n<p id=\"nndat511\" class=\"xP3DS S2U8x\">\ud83d\udccd The Muisca Art Space<br \/>\n8 rue d\u2019Ormesson, 75004 Paris<\/p>\n<p>Quartier du Marais<br \/>\n&gt; Acc\u00e8s : M\u00e9tro Saint-Paul (ligne 1) ou Pont Marie (ligne 7)<\/p>\n<p>Entr\u00e9e libre \u2013 sans r\u00e9servation<\/p>\n<p id=\"pgvqo513\" class=\"xP3DS S2U8x\">Venez c\u00e9l\u00e9brer l\u2019art, la lumi\u00e8re, et les transformations \u00e0 nos c\u00f4t\u00e9s !<\/p>\n<p id=\"zf4zn515\" class=\"xP3DS S2U8x\"><strong>L\u2019\u00e9quipe de The Muisca Gallery<\/strong><\/p>\n","protected":false},"author":456,"template":"","advert_category":[16,15,8],"class_list":["post-8304","classified","type-advert","status-expired","hentry","advert_category-art-contemporain","advert_category-beaux-arts","advert_category-vernissages"],"aioseo_notices":[],"_links":{"self":[{"href":"https:\/\/www.exposition-paris.info\/galeries-art-paris\/wp-json\/wp\/v2\/advert\/8304","targetHints":{"allow":["GET"]}}],"collection":[{"href":"https:\/\/www.exposition-paris.info\/galeries-art-paris\/wp-json\/wp\/v2\/advert"}],"about":[{"href":"https:\/\/www.exposition-paris.info\/galeries-art-paris\/wp-json\/wp\/v2\/types\/advert"}],"author":[{"embeddable":true,"href":"https:\/\/www.exposition-paris.info\/galeries-art-paris\/wp-json\/wp\/v2\/users\/456"}],"wp:attachment":[{"href":"https:\/\/www.exposition-paris.info\/galeries-art-paris\/wp-json\/wp\/v2\/media?parent=8304"}],"wp:term":[{"taxonomy":"advert_category","embeddable":true,"href":"https:\/\/www.exposition-paris.info\/galeries-art-paris\/wp-json\/wp\/v2\/advert_category?post=8304"}],"curies":[{"name":"wp","href":"https:\/\/api.w.org\/{rel}","templated":true}]}}

<p id="jrhcy483" class="xP3DS S2U8x" data-pm-slice="1 1 []">Chers amis, collectionneurs, visiteurs curieux et amateurs d’art,</p>
<p id="zxgwe767" class="xP3DS S2U8x">À l’occasion de la Fête de la Musique, <strong>The Muisca Gallery</strong> a le plaisir de vous inviter au vernissage de l’exposition <strong><em>Cycles &amp; Transfigurations</em></strong>, une traversée artistique des mutations visibles et invisibles du monde, de la matière et de l’âme.</p>
<p id="9lxot491" class="xP3DS S2U8x">Cette exposition réunit cinq artistes contemporains aux univers sensibles et puissants :</p>
<p id="9hr2d493" class="xP3DS S2U8x"><strong>Catherine Gioria</strong><br />
<strong>Maria Rosina</strong><br />
<strong>Maria Coutinho</strong><br />
<strong>Angelika Keiskei</strong><br />
<strong>Ivan Jimenez Brunel</strong></p>
<p id="qbuy0600" class="xP3DS S2U8x">Leurs œuvres évoquent les passages, les métamorphoses, les renaissances. Des textures, des gestes, des formes en mouvement, qui racontent la beauté du changement.</p>
<p id="b0ycv576" class="xP3DS S2U8x">🎶 <strong>Ambiance musicale</strong> assurée par <strong>Eddyverse</strong> de 18h à 20h🎭 <strong>Performance artistique live</strong> de <strong>Cassandre Santenac</strong> à 21h🍹 Les <strong>mocktails glacés d’ESCOCAFÉ</strong> vous attendront tout au long de la soirée.</p>
<hr />
<h3 id="iz8o1509" class="_6KnFc x7vSc"><strong>Informations pratiques</strong></h3>
<p id="nndat511" class="xP3DS S2U8x">📍 The Muisca Art Space<br />
8 rue d’Ormesson, 75004 Paris</p>
<p>Quartier du Marais<br />
&gt; Accès : Métro Saint-Paul (ligne 1) ou Pont Marie (ligne 7)</p>
<p>Entrée libre – sans réservation</p>
<p id="pgvqo513" class="xP3DS S2U8x">Venez célébrer l’art, la lumière, et les transformations à nos côtés !</p>
<p id="zf4zn515" class="xP3DS S2U8x"><strong>L’équipe de The Muisca Gallery</strong></p>
