{"id":8141,"date":"2025-05-08T19:00:57","date_gmt":"2025-05-08T17:00:57","guid":{"rendered":"https:\/\/www.exposition-paris.info\/galeries-art-paris\/?post_type=advert&#038;p=8141"},"modified":"2025-06-07T19:02:14","modified_gmt":"2025-06-07T17:02:14","slug":"particules-essentielles","status":"expired","type":"advert","link":"https:\/\/www.exposition-paris.info\/galeries-art-paris\/advert\/particules-essentielles\/","title":{"rendered":"Particules essentielles"},"content":{"rendered":"<p class=\"p1\"><span class=\"s1\">Depuis 50 ans, l\u2019artiste v\u00e9n\u00e9zuelien Carlos MEDINA s\u2019affirme comme sculpteur g\u00e9om\u00e9trico spatial. De fait, d\u00e8s sa premi\u00e8re exposition personnelle \u00e0 seulement 22 ans (1975) au Mus\u00e9e d\u2019Art Contemporain de Caracas, Carlos MEDINA revendique l\u2019h\u00e9ritage de Tatlin, Malevich ou encore Calder. Comme eux, il est convaincu que l\u2019art permet d\u2019exprimer un syst\u00e8me complet de construction du monde.<span class=\"Apple-converted-space\">\u00a0<\/span><\/span><\/p>\n<p class=\"p1\"><span class=\"s1\">Avec sensibilit\u00e9 et po\u00e9sie, il s\u2019approprie la nature, la pluie, les gouttes, les neutrinos qui nous parviennent du soleil et du cosmos comme \u00e9l\u00e9ments visuels impliquant un profond myst\u00e8re. Le dessin \u2014 pr\u00e9alable fondamental pour une approche intime de la t\u00e2che \u00e0 accomplir \u2014, favorise la possibilit\u00e9 de passer de l\u2019objet mat\u00e9riel \u00e0 un objet spatial, immat\u00e9riel. Pendant tout son parcours, Medina montre un vaste r\u00e9pertoire de formes et de mati\u00e8res, ainsi qu\u2019une extraordinaire inventivit\u00e9 dans la g\u00e9n\u00e9ration de propositions bi ou tridimensionnelles. Pour lui, la g\u00e9om\u00e9trie est une discipline indispensable et la recherche sur les mat\u00e9riaux une n\u00e9cessit\u00e9 cr\u00e9atrice. Constitu\u00e9e de sph\u00e8res, cercles, carr\u00e9s, de colonnes, plans horizontaux, verticaux ou diagonaux, son \u0153uvre volum\u00e9trique est multiple, mais t\u00e9moigne de son go\u00fbt pour le minimalisme et l\u2019essentiel. Bien qu\u2019elle soit abstraite et conceptuelle, l\u2019\u0153uvre de Carlos Medina rec\u00e8le des atmosph\u00e8res mystiques, \u00e9motionnelles et sensibles.<span class=\"Apple-converted-space\">\u00a0<\/span><\/span><\/p>\n<p class=\"p1\"><span class=\"s1\">Vernissage en pr\u00e9sence de l\u2019artiste <\/span><span class=\"s2\">le <\/span><span class=\"s1\">JEUDI 22 MAI \u00e0 18h30.<\/span><\/p>\n<p class=\"p1\"><span class=\"s1\">A noter : l\u2019exposition s\u2019inscrit dans le cadre des Semaines de l\u2019Am\u00e9rique Latine et des Cara\u00efbes, manifestation organis\u00e9e par le Minist\u00e8re des Affaires Etrang\u00e8res.<\/span><\/p>\n","protected":false},"author":3,"template":"","advert_category":[16],"class_list":["post-8141","classified","type-advert","status-expired","hentry","advert_category-art-contemporain"],"aioseo_notices":[],"_links":{"self":[{"href":"https:\/\/www.exposition-paris.info\/galeries-art-paris\/wp-json\/wp\/v2\/advert\/8141","targetHints":{"allow":["GET"]}}],"collection":[{"href":"https:\/\/www.exposition-paris.info\/galeries-art-paris\/wp-json\/wp\/v2\/advert"}],"about":[{"href":"https:\/\/www.exposition-paris.info\/galeries-art-paris\/wp-json\/wp\/v2\/types\/advert"}],"author":[{"embeddable":true,"href":"https:\/\/www.exposition-paris.info\/galeries-art-paris\/wp-json\/wp\/v2\/users\/3"}],"wp:attachment":[{"href":"https:\/\/www.exposition-paris.info\/galeries-art-paris\/wp-json\/wp\/v2\/media?parent=8141"}],"wp:term":[{"taxonomy":"advert_category","embeddable":true,"href":"https:\/\/www.exposition-paris.info\/galeries-art-paris\/wp-json\/wp\/v2\/advert_category?post=8141"}],"curies":[{"name":"wp","href":"https:\/\/api.w.org\/{rel}","templated":true}]}}

<p class="p1"><span class="s1">Depuis 50 ans, l’artiste vénézuelien Carlos MEDINA s’affirme comme sculpteur géométrico spatial. De fait, dès sa première exposition personnelle à seulement 22 ans (1975) au Musée d’Art Contemporain de Caracas, Carlos MEDINA revendique l’héritage de Tatlin, Malevich ou encore Calder. Comme eux, il est convaincu que l’art permet d’exprimer un système complet de construction du monde.<span class="Apple-converted-space"> </span></span></p>
<p class="p1"><span class="s1">Avec sensibilité et poésie, il s’approprie la nature, la pluie, les gouttes, les neutrinos qui nous parviennent du soleil et du cosmos comme éléments visuels impliquant un profond mystère. Le dessin — préalable fondamental pour une approche intime de la tâche à accomplir —, favorise la possibilité de passer de l’objet matériel à un objet spatial, immatériel. Pendant tout son parcours, Medina montre un vaste répertoire de formes et de matières, ainsi qu’une extraordinaire inventivité dans la génération de propositions bi ou tridimensionnelles. Pour lui, la géométrie est une discipline indispensable et la recherche sur les matériaux une nécessité créatrice. Constituée de sphères, cercles, carrés, de colonnes, plans horizontaux, verticaux ou diagonaux, son œuvre volumétrique est multiple, mais témoigne de son goût pour le minimalisme et l’essentiel. Bien qu’elle soit abstraite et conceptuelle, l’œuvre de Carlos Medina recèle des atmosphères mystiques, émotionnelles et sensibles.<span class="Apple-converted-space"> </span></span></p>
<p class="p1"><span class="s1">Vernissage en présence de l’artiste </span><span class="s2">le </span><span class="s1">JEUDI 22 MAI à 18h30.</span></p>
<p class="p1"><span class="s1">A noter : l’exposition s’inscrit dans le cadre des Semaines de l’Amérique Latine et des Caraïbes, manifestation organisée par le Ministère des Affaires Etrangères.</span></p>
