{"id":811,"date":"2021-09-05T15:59:19","date_gmt":"2021-09-05T13:59:19","guid":{"rendered":"http:\/\/www.exposition-paris.info\/galeries-art-paris\/advert\/adverts-auto-draft\/"},"modified":"2021-10-05T16:09:30","modified_gmt":"2021-10-05T14:09:30","slug":"vie-dartistes-photographies-de-patrick-ullmann","status":"expired","type":"advert","link":"https:\/\/www.exposition-paris.info\/galeries-art-paris\/advert\/vie-dartistes-photographies-de-patrick-ullmann\/","title":{"rendered":"Vie d&rsquo;artiste(s) &#8211; Photographies de Patrick Ullmann"},"content":{"rendered":"<p>(Re)d\u00e9couvrir Patrick Ullmann, le photographe des stars.<\/p>\n<p><em>Gainsbourg, Ferr\u00e9, Brassens, Brel, Dalida, Nougaro, Claude Fran\u00e7ois, Johnny Halliday\u2026<\/em><\/p>\n<p><strong>Du 3 septembre au 15 octobre 2021<\/strong>, venez d\u00e9couvrir une s\u00e9lection in\u00e9dite des portraits r\u00e9alis\u00e9s par Patrick Ullmann entre 1965 et 2005 \u00e0 l\u2019Olympia.<br \/>\nEn tout, ce sont 55 portraits d\u2019artistes (grand format noir et blanc) qui seront expos\u00e9s\u00a0 sur les grilles du Terrain de sport de la rue des Jardins-Saint-Paul. L\u2019occasion unique de replonger dans le travail d\u2019un photographe d\u2019exception, dont Claude Nougaro disait :<br \/>\n<em>\u00ab sa chambre noire nous fabrique une connaissance de lumi\u00e8re et d\u2019amour \u00bb.<\/em><br \/>\nAmoureux des artistes depuis toujours, Patrick Ullmann a su cr\u00e9er un lien unique avec les plus grands noms de la sc\u00e8ne fran\u00e7aise dans son studio photo install\u00e9 pendant plus de 30 ans dans les sous-sols de la salle mythique cr\u00e9\u00e9e par Coquatrix. Il r\u00e9ussit ainsi \u00e0 provoquer l\u2019accord parfait qui donne \u00e0 ses photos un suppl\u00e9ment d\u2019\u00e2me qui ne triche pas : authentique, d\u00e9nud\u00e9 des artifices du spectacle. Ses tirages sont aussi sa signature : la force des lumi\u00e8res et la profondeur de ses noirs absolus font de ses portraits des oeuvres charnelles, incarn\u00e9es, et intemporelles.<br \/>\nUne exposition singuli\u00e8re \u00e0 ciel ouvert, accompagn\u00e9e de r\u00e9cits audio et vid\u00e9o de l\u2019artiste autour de cette p\u00e9riode unique. A ne pas manquer !<\/p>\n<p>O\u00f9 ? Le long des grilles du TEP Saint-Paul, le long de la rue des Jardins Saint-Paul (m\u00e9tros Saint-Paul, Sully-Morland, Pont-Marie), au Village Saint-Paul<\/p>\n<p>Quand ? L\u2019exposition est gratuite et \u00e0 ciel ouvert, on peut la d\u00e9couvrir \u00e0 toute heure du jour et de la nuit, du 3 septembre au 15 octobre 2021.<\/p>\n<p>Pour qui ? L\u2019exposition accueille tous les publics.<\/p>\n<p>Quoi faire apr\u00e8s ? Vous pouvez en profiter pour venir voir, \u00e0 la galerie Basia Embiricos du 14 rue des Jardins-Saint-Paul, des tirages originaux de Patrick Ullmann, avant de vous promener dans les cours r\u00e9cemment r\u00e9nov\u00e9es du Village Saint-Paul.<\/p>\n","protected":false},"author":0,"template":"","advert_category":[9],"class_list":["post-811","classified","type-advert","status-expired","hentry","advert_category-photographie"],"aioseo_notices":[],"_links":{"self":[{"href":"https:\/\/www.exposition-paris.info\/galeries-art-paris\/wp-json\/wp\/v2\/advert\/811","targetHints":{"allow":["GET"]}}],"collection":[{"href":"https:\/\/www.exposition-paris.info\/galeries-art-paris\/wp-json\/wp\/v2\/advert"}],"about":[{"href":"https:\/\/www.exposition-paris.info\/galeries-art-paris\/wp-json\/wp\/v2\/types\/advert"}],"wp:attachment":[{"href":"https:\/\/www.exposition-paris.info\/galeries-art-paris\/wp-json\/wp\/v2\/media?parent=811"}],"wp:term":[{"taxonomy":"advert_category","embeddable":true,"href":"https:\/\/www.exposition-paris.info\/galeries-art-paris\/wp-json\/wp\/v2\/advert_category?post=811"}],"curies":[{"name":"wp","href":"https:\/\/api.w.org\/{rel}","templated":true}]}}

<p>(Re)découvrir Patrick Ullmann, le photographe des stars.</p>
<p><em>Gainsbourg, Ferré, Brassens, Brel, Dalida, Nougaro, Claude François, Johnny Halliday…</em></p>
<p><strong>Du 3 septembre au 15 octobre 2021</strong>, venez découvrir une sélection inédite des portraits réalisés par Patrick Ullmann entre 1965 et 2005 à l’Olympia.<br />
En tout, ce sont 55 portraits d’artistes (grand format noir et blanc) qui seront exposés  sur les grilles du Terrain de sport de la rue des Jardins-Saint-Paul. L’occasion unique de replonger dans le travail d’un photographe d’exception, dont Claude Nougaro disait :<br />
<em>« sa chambre noire nous fabrique une connaissance de lumière et d’amour ».</em><br />
Amoureux des artistes depuis toujours, Patrick Ullmann a su créer un lien unique avec les plus grands noms de la scène française dans son studio photo installé pendant plus de 30 ans dans les sous-sols de la salle mythique créée par Coquatrix. Il réussit ainsi à provoquer l’accord parfait qui donne à ses photos un supplément d’âme qui ne triche pas : authentique, dénudé des artifices du spectacle. Ses tirages sont aussi sa signature : la force des lumières et la profondeur de ses noirs absolus font de ses portraits des oeuvres charnelles, incarnées, et intemporelles.<br />
Une exposition singulière à ciel ouvert, accompagnée de récits audio et vidéo de l’artiste autour de cette période unique. A ne pas manquer !</p>
<p>Où ? Le long des grilles du TEP Saint-Paul, le long de la rue des Jardins Saint-Paul (métros Saint-Paul, Sully-Morland, Pont-Marie), au Village Saint-Paul</p>
<p>Quand ? L’exposition est gratuite et à ciel ouvert, on peut la découvrir à toute heure du jour et de la nuit, du 3 septembre au 15 octobre 2021.</p>
<p>Pour qui ? L’exposition accueille tous les publics.</p>
<p>Quoi faire après ? Vous pouvez en profiter pour venir voir, à la galerie Basia Embiricos du 14 rue des Jardins-Saint-Paul, des tirages originaux de Patrick Ullmann, avant de vous promener dans les cours récemment rénovées du Village Saint-Paul.</p>
