{"id":7206,"date":"2024-09-15T18:04:52","date_gmt":"2024-09-15T16:04:52","guid":{"rendered":"https:\/\/www.exposition-paris.info\/galeries-art-paris\/?post_type=advert&#038;p=7206"},"modified":"2024-10-15T18:05:56","modified_gmt":"2024-10-15T16:05:56","slug":"les-artistes-du-souvenir-de-corot-rendent-hommage-a-roland-hibert","status":"expired","type":"advert","link":"https:\/\/www.exposition-paris.info\/galeries-art-paris\/advert\/les-artistes-du-souvenir-de-corot-rendent-hommage-a-roland-hibert\/","title":{"rendered":"Les artistes du Souvenir de Corot rendent hommage \u00e0 ROLAND HIBERT"},"content":{"rendered":"<p>Les artistes du Souvenir de Corot<br \/>\nrendent hommage \u00e0<br \/>\nROLAND HIBERT<br \/>\nautour du th\u00e8me \u201cTraces et t\u00e9moignages\u201d<br \/>\ndu 20 septembre au 13 octobre 2024<\/p>\n<p>OLIVIER LEBRUN<br \/>\nMaire de Viroflay, Conseiller d\u00e9partemental des Yvelines<br \/>\nJANE-MARIE HERMANN<br \/>\nMaire-adjoint charg\u00e9e de la Culture<br \/>\nSYLVIE DEMAY<br \/>\nPr\u00e9sidente du Salon<br \/>\ninaugureront le 73e Souvenir de Corot \u00e0 l\u2019\u00c9cu de France<br \/>\nJeudi 19 septembre 2024 \u00e0 18 h 30<\/p>\n<p>https:\/\/www.ville-viroflay.fr\/agenda\/exposition-hommage-a-roland-hibert\/<\/p>\n<p>Invit\u00e9s de la Pr\u00e9sidente<br \/>\nFran\u00e7ois Mayu, sculpteur et Yvon Neuville, peintre<\/p>\n<p>Galerie \u00e0 l\u2019\u00c9cu de France<br \/>\n1, rue Robert Cahen (angle du 76, avenue du G\u00e9n\u00e9ral Leclerc) &#8211; 78220 Viroflay<br \/>\nT\u00e9l. : 01 39 07 11 80 &#8211; Entr\u00e9e libre du mardi au dimanche de 14 h \u00e0 19 h.<br \/>\nFacebook\/Instagram : lesartistesdusouvenirdecorot &#8211; www.souvenirdecorot.com<\/p>\n<p>1\u00e8re illustration : Roland Hibert &#8211; \u201cLe port rompu\u201d<\/p>\n","protected":false},"author":218,"template":"","advert_category":[16,5,3,4,8],"class_list":["post-7206","classified","type-advert","status-expired","hentry","advert_category-art-contemporain","advert_category-dessins","advert_category-peintures","advert_category-sculptures","advert_category-vernissages"],"aioseo_notices":[],"_links":{"self":[{"href":"https:\/\/www.exposition-paris.info\/galeries-art-paris\/wp-json\/wp\/v2\/advert\/7206","targetHints":{"allow":["GET"]}}],"collection":[{"href":"https:\/\/www.exposition-paris.info\/galeries-art-paris\/wp-json\/wp\/v2\/advert"}],"about":[{"href":"https:\/\/www.exposition-paris.info\/galeries-art-paris\/wp-json\/wp\/v2\/types\/advert"}],"author":[{"embeddable":true,"href":"https:\/\/www.exposition-paris.info\/galeries-art-paris\/wp-json\/wp\/v2\/users\/218"}],"wp:attachment":[{"href":"https:\/\/www.exposition-paris.info\/galeries-art-paris\/wp-json\/wp\/v2\/media?parent=7206"}],"wp:term":[{"taxonomy":"advert_category","embeddable":true,"href":"https:\/\/www.exposition-paris.info\/galeries-art-paris\/wp-json\/wp\/v2\/advert_category?post=7206"}],"curies":[{"name":"wp","href":"https:\/\/api.w.org\/{rel}","templated":true}]}}

Les artistes du Souvenir de Corot rendent hommage à ROLAND HIBERT

<p>Les artistes du Souvenir de Corot<br />
rendent hommage à<br />
ROLAND HIBERT<br />
autour du thème “Traces et témoignages”<br />
du 20 septembre au 13 octobre 2024</p>
<p>OLIVIER LEBRUN<br />
Maire de Viroflay, Conseiller départemental des Yvelines<br />
JANE-MARIE HERMANN<br />
Maire-adjoint chargée de la Culture<br />
SYLVIE DEMAY<br />
Présidente du Salon<br />
inaugureront le 73e Souvenir de Corot à l’Écu de France<br />
Jeudi 19 septembre 2024 à 18 h 30</p>
<p>https://www.ville-viroflay.fr/agenda/exposition-hommage-a-roland-hibert/</p>
<p>Invités de la Présidente<br />
François Mayu, sculpteur et Yvon Neuville, peintre</p>
<p>Galerie à l’Écu de France<br />
1, rue Robert Cahen (angle du 76, avenue du Général Leclerc) &#8211; 78220 Viroflay<br />
Tél. : 01 39 07 11 80 &#8211; Entrée libre du mardi au dimanche de 14 h à 19 h.<br />
Facebook/Instagram : lesartistesdusouvenirdecorot &#8211; www.souvenirdecorot.com</p>
<p>1ère illustration : Roland Hibert &#8211; “Le port rompu”</p>
