{"id":6399,"date":"2024-03-17T18:26:45","date_gmt":"2024-03-17T17:26:45","guid":{"rendered":"https:\/\/www.exposition-paris.info\/galeries-art-paris\/?post_type=advert&#038;p=6399"},"modified":"2024-04-16T18:43:13","modified_gmt":"2024-04-16T16:43:13","slug":"de-lutece-a-paris-aux-origines-du-quartier-latin-5e-arrdt-et-du-faubourg-souffrant-13e-arrdt","status":"expired","type":"advert","link":"https:\/\/www.exposition-paris.info\/galeries-art-paris\/advert\/de-lutece-a-paris-aux-origines-du-quartier-latin-5e-arrdt-et-du-faubourg-souffrant-13e-arrdt\/","title":{"rendered":"De Lut\u00e8ce \u00e0 Paris, aux origines du quartier latin (5e arrdt) et du faubourg souffrant (13e arrdt)"},"content":{"rendered":"<p>Bonjour \u00e0 toutes et \u00e0 tous !<\/p>\n<p>Thierry Depeyrot, cr\u00e9ateur de la revue Histoire &amp; Histoires, vous propose une exposition qui se d\u00e9roulera <strong>du 15 avril au 17 mai<\/strong>, dans la <strong>galerie th\u00e9\u00e2trale Le Fil Rouge<\/strong> (4, rue Wurtz &#8211; 75013), et sur le th\u00e8me :<\/p>\n<p>\u00ab\u00a0<strong>De Lut\u00e8ce \u00e0 Paris, aux origines du quartier latin (5e arrdt) et du faubourg souffrant (13e arrdt)<\/strong>.\u00a0\u00bb<\/p>\n<p>Vous l&rsquo;avez compris, cette exposition concerne TOUT Paris, avec un gros focus sur les arrondissements pr\u00e9cit\u00e9s. Une visite historique \u00e0 la recherche des premiers Parisii, de la pr\u00e9histoire \u00e0 ses fronti\u00e8res actuelles, en passant par l&rsquo;Antiquit\u00e9, le Moyen-\u00c2ge, la Renaissance&#8230; Liste des sujets abord\u00e9s non exhaustive&#8230;<\/p>\n<p>Cette exposition conviendra \u00e9galement aux plus jeunes aussi les classes seront les bienvenues (sur RDV pour l&rsquo;organisation).<\/p>\n<p>&nbsp;<\/p>\n<p><strong>Entr\u00e9e libre !<\/strong><\/p>\n<p>Elle sera ouverte tous les jours, sauf les 3, 4 et 5 mai 2024.<\/p>\n<p>Horaires :<\/p>\n<ul>\n<li>du lundi au jeudi : de 14 heures \u00e0 19 heures<\/li>\n<li>vendredi, samedi et dimanche : de 10 heures \u00e0 19 heures<\/li>\n<li>ferm\u00e9e les 3, 4 et 5 mai L&rsquo;entr\u00e9e est libre !&nbsp;\n<p>Vernissage le vendredi 26 avril, \u00e0 partir de 19 heures<\/li>\n<\/ul>\n","protected":false},"author":131,"template":"","advert_category":[5,18,3,9,8],"class_list":["post-6399","classified","type-advert","status-expired","hentry","advert_category-dessins","advert_category-histoire-civilisations","advert_category-peintures","advert_category-photographie","advert_category-vernissages"],"aioseo_notices":[],"_links":{"self":[{"href":"https:\/\/www.exposition-paris.info\/galeries-art-paris\/wp-json\/wp\/v2\/advert\/6399","targetHints":{"allow":["GET"]}}],"collection":[{"href":"https:\/\/www.exposition-paris.info\/galeries-art-paris\/wp-json\/wp\/v2\/advert"}],"about":[{"href":"https:\/\/www.exposition-paris.info\/galeries-art-paris\/wp-json\/wp\/v2\/types\/advert"}],"author":[{"embeddable":true,"href":"https:\/\/www.exposition-paris.info\/galeries-art-paris\/wp-json\/wp\/v2\/users\/131"}],"wp:attachment":[{"href":"https:\/\/www.exposition-paris.info\/galeries-art-paris\/wp-json\/wp\/v2\/media?parent=6399"}],"wp:term":[{"taxonomy":"advert_category","embeddable":true,"href":"https:\/\/www.exposition-paris.info\/galeries-art-paris\/wp-json\/wp\/v2\/advert_category?post=6399"}],"curies":[{"name":"wp","href":"https:\/\/api.w.org\/{rel}","templated":true}]}}

De Lutèce à Paris, aux origines du quartier latin (5e arrdt) et du faubourg souffrant (13e arrdt)

<p>Bonjour à toutes et à tous !</p>
<p>Thierry Depeyrot, créateur de la revue Histoire &amp; Histoires, vous propose une exposition qui se déroulera <strong>du 15 avril au 17 mai</strong>, dans la <strong>galerie théâtrale Le Fil Rouge</strong> (4, rue Wurtz &#8211; 75013), et sur le thème :</p>
<p>« <strong>De Lutèce à Paris, aux origines du quartier latin (5e arrdt) et du faubourg souffrant (13e arrdt)</strong>. »</p>
<p>Vous l&rsquo;avez compris, cette exposition concerne TOUT Paris, avec un gros focus sur les arrondissements précités. Une visite historique à la recherche des premiers Parisii, de la préhistoire à ses frontières actuelles, en passant par l&rsquo;Antiquité, le Moyen-Âge, la Renaissance&#8230; Liste des sujets abordés non exhaustive&#8230;</p>
<p>Cette exposition conviendra également aux plus jeunes aussi les classes seront les bienvenues (sur RDV pour l&rsquo;organisation).</p>
<p>&nbsp;</p>
<p><strong>Entrée libre !</strong></p>
<p>Elle sera ouverte tous les jours, sauf les 3, 4 et 5 mai 2024.</p>
<p>Horaires :</p>
<ul>
<li>du lundi au jeudi : de 14 heures à 19 heures</li>
<li>vendredi, samedi et dimanche : de 10 heures à 19 heures</li>
<li>fermée les 3, 4 et 5 mai L&rsquo;entrée est libre !&nbsp;
<p>Vernissage le vendredi 26 avril, à partir de 19 heures</li>
</ul>
