{"id":5658,"date":"2023-11-07T14:41:13","date_gmt":"2023-11-07T13:41:13","guid":{"rendered":"https:\/\/www.exposition-paris.info\/galeries-art-paris\/?post_type=advert&#038;p=5658"},"modified":"2023-12-07T14:48:37","modified_gmt":"2023-12-07T13:48:37","slug":"le-scouezec-sans-concession","status":"expired","type":"advert","link":"https:\/\/www.exposition-paris.info\/galeries-art-paris\/advert\/le-scouezec-sans-concession\/","title":{"rendered":"Le Scou\u00ebzec, sans concession"},"content":{"rendered":"<p>Du 23 novembre au 23 d\u00e9cembre.<\/p>\n<p>Vernissage le jeudi 23 novembre \u00e0 partir de 18h30.<\/p>\n<p>Du mardi au samedi de 10h30 \u00e0 19h.<\/p>\n<p>http:\/\/www.galerielesmontparnos.com\/<\/p>\n<p>Tenir\u00a0!<\/p>\n<p>Le ma\u00eetre mot circulant dans les ateliers de difficult\u00e9s et d\u2019espoir du Montparnasse des ann\u00e9es 1920. Pour Le Scou\u00ebzec, le plus breton des Montparnos, cet exil parisien sera celui de la <em>Rotonde<\/em>, de ses ateliers des rues Delambre et Campagne-Premi\u00e8re, de ces rendez-vous pris dans les acad\u00e9mies de la Grande Chaumi\u00e8re et Colarossi. Ce sera le Montparnasse des amiti\u00e9s profondes, avec Clerg\u00e9, Ortiz de Zarate, Loutreuil, Modigliani\u2026 Pour le breton, ce ne sera pas le Montparnasse des Ann\u00e9es folles, celui des soir\u00e9es d\u00e9guis\u00e9es, des bals tout sourire de fa\u00e7ade de l\u2019apr\u00e8s-guerre, mais au contraire celui de la face obscure des pi\u00e8tres verri\u00e8res d\u2019arri\u00e8re-cour. Le Scou\u00ebzec, la descente jusqu\u2019au c\u0153ur lucide de la peinture. Peindre avec force toute la v\u00e9rit\u00e9, m\u00eame crue de ce Paris entre chaos et inconnu : la rue, pauvres filles des bordels, clochards, h\u00f4pitaux. Mais pas que\u2026 Le Montparnasse de Le Scou\u00ebzec c\u2019est aussi les nus tout en lumi\u00e8re dans l\u2019atelier, postures bien camp\u00e9es, taill\u00e9es \u00e0 la serpe et suaves de couleurs annon\u00e7ant les ailleurs. La peinture \u00e0 l\u2019\u00e9preuve de la vie, une vie \u00e0 l\u2019\u00e9preuve de la peinture.<\/p>\n<p>Tenir\u00a0!<\/p>\n<p>Le Scou\u00ebzec, surnomm\u00e9 aussi l\u2019Africain du carrefour Vavin. Apr\u00e8s le Mexique et Paris, il effectue quatre voyages dans les anciennes colonies fran\u00e7aises pour s\u2019enfoncer au plus loin dans les brousses et les plaines ensoleill\u00e9es de la cr\u00e9ation. Peindre. Aller trouver l\u00e0-bas les limites de la couleur jusqu\u2019\u00e0 pressentir sur l\u2019\u00eele Rouge, l\u2019abstraction en tout premier pr\u00e9curseur d\u2019un Nicolas de Sta\u00ebl. S\u00e9n\u00e9gal, Egypte, Canal de Suez, Zanzibar, Soudan, Madagascar\u2026 Toute la dignit\u00e9 humaine enfin trouv\u00e9e ici dans la terre r\u00e9concili\u00e9e des Afriques. Avec ces personnages, peints comme des sculptures, tout en postures, mati\u00e8res et gestuelles de l\u2019\u00e2me du d\u00e9sert ou des bords de fleuve. Y voir des rois, des reines et des princes, ouvrant au Montparno des horizons nouveaux.<\/p>\n<p>Tenir\u00a0!<\/p>\n<p>Le Scou\u00ebzec, le Breton, l\u2019arpenteur de la peinture. L\u2019homme des allers-retours entre la Bretagne et Paris, entre la Bretagne et l\u2019Afrique. Sa grande taille, sa silhouette efflanqu\u00e9e, son c\u00e9l\u00e8bre chapeau, son visage creus\u00e9 au couteau par la mer, sa bouffarde, ses bottes d\u2019aventures en font \u00e0 jamais une l\u00e9gende vivante du Montparnasse.<\/p>\n<p>Il a vu\u2026 Bourlinguant les oc\u00e9ans, sillonnant les boulevards du Montparnasse, explorant l\u2019Afrique et retrouvant sans cesse la Bretagne, les confins de la couleur, mati\u00e8re-fronti\u00e8re, sur le rebord de la peinture, il a vu ce qu\u2019offre le voyage de l\u2019homme sur la pirogue de l\u2019\u0153il nu.<\/p>\n<p>C\u2019est tenu\u00a0!<\/p>\n<p>La galerie Les Montparnos a le plaisir de vous convier \u00e0 l\u2019exposition\u00a0: <em>Le Scou\u00ebzec, Sans concession<\/em>\u00a0qui r\u00e9unit une trentaine d\u2019\u0153uvres importantes autour des trois moments forts de son itin\u00e9raire\u00a0: Montparnasse, l\u2019Afrique et la Bretagne.<\/p>\n<p>A l\u2019Art Vivant\u00a0!<\/p>\n<p>Mathyeu Le Bal<\/p>\n","protected":false},"author":215,"template":"","advert_category":[15,3,8],"class_list":["post-5658","classified","type-advert","status-expired","hentry","advert_category-beaux-arts","advert_category-peintures","advert_category-vernissages"],"aioseo_notices":[],"_links":{"self":[{"href":"https:\/\/www.exposition-paris.info\/galeries-art-paris\/wp-json\/wp\/v2\/advert\/5658","targetHints":{"allow":["GET"]}}],"collection":[{"href":"https:\/\/www.exposition-paris.info\/galeries-art-paris\/wp-json\/wp\/v2\/advert"}],"about":[{"href":"https:\/\/www.exposition-paris.info\/galeries-art-paris\/wp-json\/wp\/v2\/types\/advert"}],"author":[{"embeddable":true,"href":"https:\/\/www.exposition-paris.info\/galeries-art-paris\/wp-json\/wp\/v2\/users\/215"}],"wp:attachment":[{"href":"https:\/\/www.exposition-paris.info\/galeries-art-paris\/wp-json\/wp\/v2\/media?parent=5658"}],"wp:term":[{"taxonomy":"advert_category","embeddable":true,"href":"https:\/\/www.exposition-paris.info\/galeries-art-paris\/wp-json\/wp\/v2\/advert_category?post=5658"}],"curies":[{"name":"wp","href":"https:\/\/api.w.org\/{rel}","templated":true}]}}

Le Scouëzec, sans concession

<p>Du 23 novembre au 23 décembre.</p>
<p>Vernissage le jeudi 23 novembre à partir de 18h30.</p>
<p>Du mardi au samedi de 10h30 à 19h.</p>
<p>http://www.galerielesmontparnos.com/</p>
<p>Tenir !</p>
<p>Le maître mot circulant dans les ateliers de difficultés et d’espoir du Montparnasse des années 1920. Pour Le Scouëzec, le plus breton des Montparnos, cet exil parisien sera celui de la <em>Rotonde</em>, de ses ateliers des rues Delambre et Campagne-Première, de ces rendez-vous pris dans les académies de la Grande Chaumière et Colarossi. Ce sera le Montparnasse des amitiés profondes, avec Clergé, Ortiz de Zarate, Loutreuil, Modigliani… Pour le breton, ce ne sera pas le Montparnasse des Années folles, celui des soirées déguisées, des bals tout sourire de façade de l’après-guerre, mais au contraire celui de la face obscure des piètres verrières d’arrière-cour. Le Scouëzec, la descente jusqu’au cœur lucide de la peinture. Peindre avec force toute la vérité, même crue de ce Paris entre chaos et inconnu : la rue, pauvres filles des bordels, clochards, hôpitaux. Mais pas que… Le Montparnasse de Le Scouëzec c’est aussi les nus tout en lumière dans l’atelier, postures bien campées, taillées à la serpe et suaves de couleurs annonçant les ailleurs. La peinture à l’épreuve de la vie, une vie à l’épreuve de la peinture.</p>
<p>Tenir !</p>
<p>Le Scouëzec, surnommé aussi l’Africain du carrefour Vavin. Après le Mexique et Paris, il effectue quatre voyages dans les anciennes colonies françaises pour s’enfoncer au plus loin dans les brousses et les plaines ensoleillées de la création. Peindre. Aller trouver là-bas les limites de la couleur jusqu’à pressentir sur l’île Rouge, l’abstraction en tout premier précurseur d’un Nicolas de Staël. Sénégal, Egypte, Canal de Suez, Zanzibar, Soudan, Madagascar… Toute la dignité humaine enfin trouvée ici dans la terre réconciliée des Afriques. Avec ces personnages, peints comme des sculptures, tout en postures, matières et gestuelles de l’âme du désert ou des bords de fleuve. Y voir des rois, des reines et des princes, ouvrant au Montparno des horizons nouveaux.</p>
<p>Tenir !</p>
<p>Le Scouëzec, le Breton, l’arpenteur de la peinture. L’homme des allers-retours entre la Bretagne et Paris, entre la Bretagne et l’Afrique. Sa grande taille, sa silhouette efflanquée, son célèbre chapeau, son visage creusé au couteau par la mer, sa bouffarde, ses bottes d’aventures en font à jamais une légende vivante du Montparnasse.</p>
<p>Il a vu… Bourlinguant les océans, sillonnant les boulevards du Montparnasse, explorant l’Afrique et retrouvant sans cesse la Bretagne, les confins de la couleur, matière-frontière, sur le rebord de la peinture, il a vu ce qu’offre le voyage de l’homme sur la pirogue de l’œil nu.</p>
<p>C’est tenu !</p>
<p>La galerie Les Montparnos a le plaisir de vous convier à l’exposition : <em>Le Scouëzec, Sans concession</em> qui réunit une trentaine d’œuvres importantes autour des trois moments forts de son itinéraire : Montparnasse, l’Afrique et la Bretagne.</p>
<p>A l’Art Vivant !</p>
<p>Mathyeu Le Bal</p>
