{"id":5067,"date":"2023-09-01T10:49:12","date_gmt":"2023-09-01T08:49:12","guid":{"rendered":"https:\/\/www.exposition-paris.info\/galeries-art-paris\/?post_type=advert&#038;p=5067"},"modified":"2023-10-01T10:53:17","modified_gmt":"2023-10-01T08:53:17","slug":"medra-escales-mexicaines-une-exposition-voyage-du-14-septembre-au-14-octobre","status":"expired","type":"advert","link":"https:\/\/www.exposition-paris.info\/galeries-art-paris\/advert\/medra-escales-mexicaines-une-exposition-voyage-du-14-septembre-au-14-octobre\/","title":{"rendered":"Medra. Escales Mexicaines. Une exposition-voyage du 14 septembre au 14 octobre !\u00a0"},"content":{"rendered":"<div class=\"default-style\">\n<div class=\"default-style\">\n<p style=\"text-align: justify\">Le 14 septembre \u00e0 partir de 18 H, venez au vernissage pour d\u00e9couvrir le Mexique peint par <strong>MEDRA<\/strong> avec des \u0153uvres inspir\u00e9es de ses <strong>voyages pittoresques aux r\u00e9sonances azt\u00e8ques<\/strong>. Un m\u00e9lange unique <strong>d\u2019influences ethniques et urbaines<\/strong>, vibrant de dynamisme et de couleurs par le street artiste \u2014 MEDRA.<\/p>\n<p style=\"text-align: justify\">Les murs de votre <strong>galerie MACHA<\/strong> seront orn\u00e9s d\u2019\u0153uvres spectaculaires, empreintes d\u2019\u00e9nergie, de myst\u00e8re et de symbolisme propre \u00e0 la culture mexicaine jusque dans notre quotidien urbain.<br \/>\nSes cr\u00e9ations se fusionnent harmonieusement et les symboles traditionnels mexicains avec des \u00e9l\u00e9ments de la culture street art, offrent ainsi une exp\u00e9rience visuelle unique et captivante.<br \/>\nQue vous soyez amateur d\u2019art contemporain, passionn\u00e9 de voyages ou simplement curieux de d\u00e9couvrir de nouveaux horizons artistiques, cette exposition saura vous \u00e9merveiller !<\/p>\n<p>N\u2019h\u00e9sitez pas \u00e0 venir nombreux !<\/p>\n<p>Ouverte \u00e0 tous, l\u2019exposition ESCALES MEXICAINES de MEDRA chez Macha GALERIE-LIBRAIRIE sera pr\u00e9sente tous les jours \u00e0 partir du 14 septembre 2023 :<br \/>\nDu lundi au vendredi de 10 h 00 \u00e0 19 h 00<br \/>\nSamedi de 11 h 00 \u00e0 18 h 00<\/p>\n<\/div>\n<\/div>\n<div class=\"default-style\">\n<hr \/>\n<p><strong>CONTACT<\/strong><\/p>\n<p>Macha Galerie-Librairie<br \/>\n52 Avenue du Bac<br \/>\nLa Varenne St Hilaire<br \/>\n94210 SAINT-MAUR-DES-FOSSES<\/p>\n<p>RER A : La Varenne-Chennevi\u00e8res<\/p>\n<\/div>\n","protected":false},"author":0,"template":"","advert_category":[16,15,3,8],"class_list":["post-5067","classified","type-advert","status-expired","hentry","advert_category-art-contemporain","advert_category-beaux-arts","advert_category-peintures","advert_category-vernissages"],"aioseo_notices":[],"_links":{"self":[{"href":"https:\/\/www.exposition-paris.info\/galeries-art-paris\/wp-json\/wp\/v2\/advert\/5067","targetHints":{"allow":["GET"]}}],"collection":[{"href":"https:\/\/www.exposition-paris.info\/galeries-art-paris\/wp-json\/wp\/v2\/advert"}],"about":[{"href":"https:\/\/www.exposition-paris.info\/galeries-art-paris\/wp-json\/wp\/v2\/types\/advert"}],"wp:attachment":[{"href":"https:\/\/www.exposition-paris.info\/galeries-art-paris\/wp-json\/wp\/v2\/media?parent=5067"}],"wp:term":[{"taxonomy":"advert_category","embeddable":true,"href":"https:\/\/www.exposition-paris.info\/galeries-art-paris\/wp-json\/wp\/v2\/advert_category?post=5067"}],"curies":[{"name":"wp","href":"https:\/\/api.w.org\/{rel}","templated":true}]}}

<div class="default-style">
<div class="default-style">
<p style="text-align: justify">Le 14 septembre à partir de 18 H, venez au vernissage pour découvrir le Mexique peint par <strong>MEDRA</strong> avec des œuvres inspirées de ses <strong>voyages pittoresques aux résonances aztèques</strong>. Un mélange unique <strong>d’influences ethniques et urbaines</strong>, vibrant de dynamisme et de couleurs par le street artiste — MEDRA.</p>
<p style="text-align: justify">Les murs de votre <strong>galerie MACHA</strong> seront ornés d’œuvres spectaculaires, empreintes d’énergie, de mystère et de symbolisme propre à la culture mexicaine jusque dans notre quotidien urbain.<br />
Ses créations se fusionnent harmonieusement et les symboles traditionnels mexicains avec des éléments de la culture street art, offrent ainsi une expérience visuelle unique et captivante.<br />
Que vous soyez amateur d’art contemporain, passionné de voyages ou simplement curieux de découvrir de nouveaux horizons artistiques, cette exposition saura vous émerveiller !</p>
<p>N’hésitez pas à venir nombreux !</p>
<p>Ouverte à tous, l’exposition ESCALES MEXICAINES de MEDRA chez Macha GALERIE-LIBRAIRIE sera présente tous les jours à partir du 14 septembre 2023 :<br />
Du lundi au vendredi de 10 h 00 à 19 h 00<br />
Samedi de 11 h 00 à 18 h 00</p>
</div>
</div>
<div class="default-style">
<hr />
<p><strong>CONTACT</strong></p>
<p>Macha Galerie-Librairie<br />
52 Avenue du Bac<br />
La Varenne St Hilaire<br />
94210 SAINT-MAUR-DES-FOSSES</p>
<p>RER A : La Varenne-Chennevières</p>
</div>
