{"id":3264,"date":"2023-01-19T10:24:07","date_gmt":"2023-01-19T09:24:07","guid":{"rendered":"https:\/\/www.exposition-paris.info\/galeries-art-paris\/advert\/fragiles-colosses-de-michel-bassompierre\/"},"modified":"2023-02-18T10:26:15","modified_gmt":"2023-02-18T09:26:15","slug":"fragiles-colosses-de-michel-bassompierre","status":"expired","type":"advert","link":"https:\/\/www.exposition-paris.info\/galeries-art-paris\/advert\/fragiles-colosses-de-michel-bassompierre\/","title":{"rendered":"\u00ab\u00a0Fragiles Colosses\u00a0\u00bb de Michel BASSOMPIERRE"},"content":{"rendered":"<p>Le Comit\u00e9 Haussmann Paris et les Galeries Bartoux s\u2019associent pour pr\u00e9senter<br \/>\n\u00ab FRAGILES COLOSSES \u00bb, une exposition \u00e0 ciel ouvert comptant 11 sculptures monumentales de Michel BASSOMPIERRE. Cette manifestation artistique vise, par la sensibilisation \u00e0 la beaut\u00e9, \u00e0 rappeler la fragilit\u00e9 du monde vivant.<\/p>\n<p>L\u2019ART POUR SE RECONNECTER \u00c0 LA BEAUT\u00c9 DE LA NATURE<br \/>\nDans cette exposition propos\u00e9e au c\u0153ur du 9\u00e8 arrondissement de Paris, parrain\u00e9e par Sabrina KRIEF et Jacques WEBER, les sculptures monumentales d\u2019ours et de gorilles de Michel BASSOMPIERRE se font les repr\u00e9sentants embl\u00e9matiques des esp\u00e8ces en danger de<br \/>\ndisparition. Les nombreuses menaces qui p\u00e8sent sur ces esp\u00e8ces r\u00e9v\u00e8lent leur extr\u00eame fragilit\u00e9. Leurs habitats, for\u00eats et banquise, sont mis \u00e0 mal par la pression du changement climatique et celle des humains. Lorsque les populations de ces \u00ab animaux tot\u00e9miques \u00bb<br \/>\nd\u00e9clinent, c&rsquo;est que d\u00e9j\u00e0 la survie des milliers d&rsquo;esp\u00e8ces v\u00e9g\u00e9tales et animales qui composent leurs \u00e9cosyst\u00e8mes est compromise.<\/p>\n<p><strong><a href=\"https:\/\/www.galeries-bartoux.com\/exposition\/michel-bassompierre-fragiles-colosses-2023\/\" target=\"_blank\" rel=\"noopener noreferrer\">\u00a0En savoir plus<\/a><\/strong><\/p>\n","protected":false},"author":0,"template":"","advert_category":[16,15,4],"class_list":["post-3264","classified","type-advert","status-expired","has-post-thumbnail","hentry","advert_category-art-contemporain","advert_category-beaux-arts","advert_category-sculptures"],"aioseo_notices":[],"_links":{"self":[{"href":"https:\/\/www.exposition-paris.info\/galeries-art-paris\/wp-json\/wp\/v2\/advert\/3264","targetHints":{"allow":["GET"]}}],"collection":[{"href":"https:\/\/www.exposition-paris.info\/galeries-art-paris\/wp-json\/wp\/v2\/advert"}],"about":[{"href":"https:\/\/www.exposition-paris.info\/galeries-art-paris\/wp-json\/wp\/v2\/types\/advert"}],"wp:featuredmedia":[{"embeddable":true,"href":"https:\/\/www.exposition-paris.info\/galeries-art-paris\/wp-json\/wp\/v2\/media\/3265"}],"wp:attachment":[{"href":"https:\/\/www.exposition-paris.info\/galeries-art-paris\/wp-json\/wp\/v2\/media?parent=3264"}],"wp:term":[{"taxonomy":"advert_category","embeddable":true,"href":"https:\/\/www.exposition-paris.info\/galeries-art-paris\/wp-json\/wp\/v2\/advert_category?post=3264"}],"curies":[{"name":"wp","href":"https:\/\/api.w.org\/{rel}","templated":true}]}}

<p>Le Comité Haussmann Paris et les Galeries Bartoux s’associent pour présenter<br />
« FRAGILES COLOSSES », une exposition à ciel ouvert comptant 11 sculptures monumentales de Michel BASSOMPIERRE. Cette manifestation artistique vise, par la sensibilisation à la beauté, à rappeler la fragilité du monde vivant.</p>
<p>L’ART POUR SE RECONNECTER À LA BEAUTÉ DE LA NATURE<br />
Dans cette exposition proposée au cœur du 9è arrondissement de Paris, parrainée par Sabrina KRIEF et Jacques WEBER, les sculptures monumentales d’ours et de gorilles de Michel BASSOMPIERRE se font les représentants emblématiques des espèces en danger de<br />
disparition. Les nombreuses menaces qui pèsent sur ces espèces révèlent leur extrême fragilité. Leurs habitats, forêts et banquise, sont mis à mal par la pression du changement climatique et celle des humains. Lorsque les populations de ces « animaux totémiques »<br />
déclinent, c&rsquo;est que déjà la survie des milliers d&rsquo;espèces végétales et animales qui composent leurs écosystèmes est compromise.</p>
<p><strong><a href="https://www.galeries-bartoux.com/exposition/michel-bassompierre-fragiles-colosses-2023/" target="_blank" rel="noopener noreferrer"> En savoir plus</a></strong></p>
