{"id":1007,"date":"2021-10-10T14:43:41","date_gmt":"2021-10-10T12:43:41","guid":{"rendered":"http:\/\/www.exposition-paris.info\/galeries-art-paris\/advert\/mva-mineral-vegetal-animal\/"},"modified":"2021-11-09T14:45:00","modified_gmt":"2021-11-09T13:45:00","slug":"mva-mineral-vegetal-animal","status":"expired","type":"advert","link":"https:\/\/www.exposition-paris.info\/galeries-art-paris\/advert\/mva-mineral-vegetal-animal\/","title":{"rendered":"MVA : Min\u00e9ral, V\u00e9g\u00e9tal, Animal"},"content":{"rendered":"<p><strong>Min\u00e9ral<\/strong><\/p>\n<p><strong>V\u00e9g\u00e9tal<\/strong><\/p>\n<p><strong>Animal<\/strong><\/p>\n<p>Les couleurs de la Nature : exposition collective.<\/p>\n<p>Sculptures, photographies, fable contemporaine.<\/p>\n<p>Une r\u00e9flexion autour de notre rapport \u00e0 la Nature.<\/p>\n<p><strong>PHOTOGRAPHIE<\/strong><\/p>\n<p>Nathalie Hureau<\/p>\n<p>Claire Artemyz<\/p>\n<p><strong>FABLE<\/strong><\/p>\n<p>Ir\u00e8ne Kmiec-Rousseau<\/p>\n<p><strong>SCULPTURE<\/strong><\/p>\n<p>Sibylle Besan\u00e7on<\/p>\n<p>Guillaume Allemand<\/p>\n<p>Herv\u00e9 Perrin<\/p>\n<p><em>La Galerie Le Cerisier pr\u00e9sente r\u00e9guli\u00e8rement des expositions temporaires.<\/em><\/p>\n<p>www.galerie-le-cerisier.com<\/p>\n","protected":false},"author":69,"template":"","advert_category":[16,9,4],"class_list":["post-1007","classified","type-advert","status-expired","hentry","advert_category-art-contemporain","advert_category-photographie","advert_category-sculptures"],"aioseo_notices":[],"_links":{"self":[{"href":"https:\/\/www.exposition-paris.info\/galeries-art-paris\/wp-json\/wp\/v2\/advert\/1007","targetHints":{"allow":["GET"]}}],"collection":[{"href":"https:\/\/www.exposition-paris.info\/galeries-art-paris\/wp-json\/wp\/v2\/advert"}],"about":[{"href":"https:\/\/www.exposition-paris.info\/galeries-art-paris\/wp-json\/wp\/v2\/types\/advert"}],"author":[{"embeddable":true,"href":"https:\/\/www.exposition-paris.info\/galeries-art-paris\/wp-json\/wp\/v2\/users\/69"}],"wp:attachment":[{"href":"https:\/\/www.exposition-paris.info\/galeries-art-paris\/wp-json\/wp\/v2\/media?parent=1007"}],"wp:term":[{"taxonomy":"advert_category","embeddable":true,"href":"https:\/\/www.exposition-paris.info\/galeries-art-paris\/wp-json\/wp\/v2\/advert_category?post=1007"}],"curies":[{"name":"wp","href":"https:\/\/api.w.org\/{rel}","templated":true}]}}

MVA : Minéral, Végétal, Animal

<p><strong>Minéral</strong></p>
<p><strong>Végétal</strong></p>
<p><strong>Animal</strong></p>
<p>Les couleurs de la Nature : exposition collective.</p>
<p>Sculptures, photographies, fable contemporaine.</p>
<p>Une réflexion autour de notre rapport à la Nature.</p>
<p><strong>PHOTOGRAPHIE</strong></p>
<p>Nathalie Hureau</p>
<p>Claire Artemyz</p>
<p><strong>FABLE</strong></p>
<p>Irène Kmiec-Rousseau</p>
<p><strong>SCULPTURE</strong></p>
<p>Sibylle Besançon</p>
<p>Guillaume Allemand</p>
<p>Hervé Perrin</p>
<p><em>La Galerie Le Cerisier présente régulièrement des expositions temporaires.</em></p>
<p>www.galerie-le-cerisier.com</p>
